Last updated on 2025-05-08 04:52:18 CEST.
Flavor | Version | Tinstall | Tcheck | Ttotal | Status | Flags |
---|---|---|---|---|---|---|
r-devel-linux-x86_64-debian-clang | 0.2.2 | 8.65 | 47.43 | 56.08 | OK | |
r-devel-linux-x86_64-debian-gcc | 0.2.2 | 5.54 | 34.31 | 39.85 | OK | |
r-devel-linux-x86_64-fedora-clang | 0.2.2 | 95.94 | NOTE | |||
r-devel-linux-x86_64-fedora-gcc | 0.2.2 | 106.53 | NOTE | |||
r-devel-windows-x86_64 | 0.2.2 | 10.00 | 64.00 | 74.00 | OK | |
r-patched-linux-x86_64 | 0.2.2 | 7.64 | 45.04 | 52.68 | OK | |
r-release-linux-x86_64 | 0.2.2 | 6.84 | 45.87 | 52.71 | OK | |
r-release-macos-arm64 | 0.2.2 | 37.00 | OK | |||
r-release-macos-x86_64 | 0.2.2 | 66.00 | OK | |||
r-release-windows-x86_64 | 0.2.2 | 9.00 | 66.00 | 75.00 | OK | |
r-oldrel-macos-arm64 | 0.2.2 | 30.00 | OK | |||
r-oldrel-macos-x86_64 | 0.2.2 | 48.00 | OK | |||
r-oldrel-windows-x86_64 | 0.2.2 | 11.00 | 75.00 | 86.00 | OK |
Version: 0.2.2
Check: dependencies in R code
Result: NOTE
Namespaces in Imports field not imported from:
‘CARBayesdata’ ‘MASS’ ‘nimble’
All declared Imports should be used.
Flavors: r-devel-linux-x86_64-fedora-clang, r-devel-linux-x86_64-fedora-gcc
These binaries (installable software) and packages are in development.
They may not be fully stable and should be used with caution. We make no claims about them.