CRAN Package Check Results for Package saeHB

Last updated on 2025-07-02 03:50:52 CEST.

Flavor Version Tinstall Tcheck Ttotal Status Flags
r-devel-linux-x86_64-debian-clang 0.2.2 8.23 48.48 56.71 OK
r-devel-linux-x86_64-debian-gcc 0.2.2 5.16 34.64 39.80 OK
r-devel-linux-x86_64-fedora-clang 0.2.2 87.27 NOTE
r-devel-linux-x86_64-fedora-gcc 0.2.2 98.79 NOTE
r-devel-windows-x86_64 0.2.2 9.00 65.00 74.00 OK
r-patched-linux-x86_64 OK
r-release-linux-x86_64 0.2.2 7.40 45.97 53.37 OK
r-release-macos-arm64 0.2.2 37.00 OK
r-release-macos-x86_64 0.2.2 66.00 OK
r-release-windows-x86_64 0.2.2 9.00 65.00 74.00 OK
r-oldrel-macos-arm64 0.2.2 30.00 OK
r-oldrel-macos-x86_64 0.2.2 48.00 OK
r-oldrel-windows-x86_64 0.2.2 11.00 77.00 88.00 OK

Check Details

Version: 0.2.2
Check: dependencies in R code
Result: NOTE Namespaces in Imports field not imported from: ‘CARBayesdata’ ‘MASS’ ‘nimble’ All declared Imports should be used. Flavors: r-devel-linux-x86_64-fedora-clang, r-devel-linux-x86_64-fedora-gcc

These binaries (installable software) and packages are in development.
They may not be fully stable and should be used with caution. We make no claims about them.