CRAN Package Check Results for Package saeHB

Last updated on 2025-11-16 07:49:49 CET.

Flavor Version Tinstall Tcheck Ttotal Status Flags
r-devel-linux-x86_64-debian-clang 0.2.2 7.41 49.23 56.64 OK
r-devel-linux-x86_64-debian-gcc 0.2.2 5.10 36.69 41.79 OK
r-devel-linux-x86_64-fedora-clang 0.2.2 17.00 73.14 90.14 NOTE
r-devel-linux-x86_64-fedora-gcc 0.2.2 33.00 76.69 109.69 NOTE
r-devel-windows-x86_64 0.2.2 14.00 65.00 79.00 OK
r-patched-linux-x86_64 0.2.2 8.34 46.66 55.00 OK
r-release-linux-x86_64 0.2.2 7.16 47.24 54.40 OK
r-release-macos-arm64 0.2.2 4.00 33.00 37.00 OK
r-release-macos-x86_64 0.2.2 7.00 59.00 66.00 OK
r-release-windows-x86_64 0.2.2 9.00 63.00 72.00 OK
r-oldrel-macos-arm64 0.2.2 3.00 27.00 30.00 OK
r-oldrel-macos-x86_64 0.2.2 5.00 43.00 48.00 OK
r-oldrel-windows-x86_64 0.2.2 12.00 74.00 86.00 OK

Check Details

Version: 0.2.2
Check: dependencies in R code
Result: NOTE Namespaces in Imports field not imported from: ‘CARBayesdata’ ‘MASS’ ‘nimble’ All declared Imports should be used. Flavors: r-devel-linux-x86_64-fedora-clang, r-devel-linux-x86_64-fedora-gcc

These binaries (installable software) and packages are in development.
They may not be fully stable and should be used with caution. We make no claims about them.