Last updated on 2025-02-16 08:51:00 CET.
Flavor | Version | Tinstall | Tcheck | Ttotal | Status | Flags |
---|---|---|---|---|---|---|
r-devel-linux-x86_64-debian-clang | 0.2.2 | 7.60 | 47.68 | 55.28 | OK | |
r-devel-linux-x86_64-debian-gcc | 0.2.2 | 5.17 | 33.05 | 38.22 | OK | |
r-devel-linux-x86_64-fedora-clang | 0.2.2 | 91.26 | NOTE | |||
r-devel-linux-x86_64-fedora-gcc | 0.2.2 | 96.98 | NOTE | |||
r-devel-macos-arm64 | 0.2.2 | 34.00 | OK | |||
r-devel-macos-x86_64 | 0.2.2 | 62.00 | OK | |||
r-devel-windows-x86_64 | 0.2.2 | 9.00 | 63.00 | 72.00 | OK | |
r-patched-linux-x86_64 | 0.2.2 | 8.39 | 44.13 | 52.52 | OK | |
r-release-linux-x86_64 | 0.2.2 | 6.38 | 44.09 | 50.47 | OK | |
r-release-macos-arm64 | 0.2.2 | 30.00 | OK | |||
r-release-macos-x86_64 | 0.2.2 | 48.00 | OK | |||
r-release-windows-x86_64 | 0.2.2 | 10.00 | 65.00 | 75.00 | OK | |
r-oldrel-macos-arm64 | 0.2.2 | 32.00 | OK | |||
r-oldrel-macos-x86_64 | 0.2.2 | 70.00 | OK | |||
r-oldrel-windows-x86_64 | 0.2.2 | 12.00 | 71.00 | 83.00 | OK |
Version: 0.2.2
Check: dependencies in R code
Result: NOTE
Namespaces in Imports field not imported from:
‘CARBayesdata’ ‘MASS’ ‘nimble’
All declared Imports should be used.
Flavors: r-devel-linux-x86_64-fedora-clang, r-devel-linux-x86_64-fedora-gcc
These binaries (installable software) and packages are in development.
They may not be fully stable and should be used with caution. We make no claims about them.