Last updated on 2025-02-16 08:51:00 CET.
Flavor | Version | Tinstall | Tcheck | Ttotal | Status | Flags |
---|---|---|---|---|---|---|
r-devel-linux-x86_64-debian-clang | 1.4 | 48.49 | 59.68 | 108.17 | OK | |
r-devel-linux-x86_64-debian-gcc | 1.4 | 38.36 | 44.47 | 82.83 | OK | |
r-devel-linux-x86_64-fedora-clang | 1.4 | 173.61 | OK | |||
r-devel-linux-x86_64-fedora-gcc | 1.4 | 190.86 | OK | |||
r-devel-macos-arm64 | 1.4 | 47.00 | OK | |||
r-devel-macos-x86_64 | 1.4 | 99.00 | OK | |||
r-devel-windows-x86_64 | 1.4 | 46.00 | 100.00 | 146.00 | OK | |
r-patched-linux-x86_64 | 1.4 | 52.76 | 56.14 | 108.90 | OK | |
r-release-linux-x86_64 | 1.4 | 52.49 | 55.27 | 107.76 | OK | |
r-release-macos-arm64 | 1.4 | 50.00 | NOTE | |||
r-release-macos-x86_64 | 1.4 | 104.00 | NOTE | |||
r-release-windows-x86_64 | 1.4 | 48.00 | 98.00 | 146.00 | OK | |
r-oldrel-macos-arm64 | 1.4 | 50.00 | NOTE | |||
r-oldrel-macos-x86_64 | 1.4 | 100.00 | NOTE | |||
r-oldrel-windows-x86_64 | 1.4 | 60.00 | 133.00 | 193.00 | OK |
Version: 1.4
Check: installed package size
Result: NOTE
installed size is 7.6Mb
sub-directories of 1Mb or more:
libs 7.3Mb
Flavors: r-release-macos-arm64, r-release-macos-x86_64, r-oldrel-macos-arm64, r-oldrel-macos-x86_64
These binaries (installable software) and packages are in development.
They may not be fully stable and should be used with caution. We make no claims about them.