Last updated on 2025-10-23 23:49:44 CEST.
| Flavor | Version | Tinstall | Tcheck | Ttotal | Status | Flags |
|---|---|---|---|---|---|---|
| r-devel-linux-x86_64-debian-clang | 1.4 | 50.74 | 60.73 | 111.47 | OK | |
| r-devel-linux-x86_64-debian-gcc | 1.4 | 35.21 | 45.09 | 80.30 | OK | |
| r-devel-linux-x86_64-fedora-clang | 1.4 | 79.00 | 89.70 | 168.70 | OK | |
| r-devel-linux-x86_64-fedora-gcc | 1.4 | 127.00 | 60.29 | 187.29 | OK | |
| r-devel-windows-x86_64 | 1.4 | 51.00 | 91.00 | 142.00 | OK | |
| r-patched-linux-x86_64 | 1.4 | 47.95 | 58.61 | 106.56 | OK | |
| r-release-linux-x86_64 | 1.4 | 50.14 | 58.85 | 108.99 | OK | |
| r-release-macos-arm64 | 1.4 | 20.00 | 30.00 | 50.00 | OK | |
| r-release-macos-x86_64 | 1.4 | 45.00 | 56.00 | 101.00 | OK | |
| r-release-windows-x86_64 | 1.4 | 52.00 | 97.00 | 149.00 | OK | |
| r-oldrel-macos-arm64 | 1.4 | 17.00 | 33.00 | 50.00 | NOTE | |
| r-oldrel-macos-x86_64 | 1.4 | 52.00 | 52.00 | 104.00 | NOTE | |
| r-oldrel-windows-x86_64 | 1.4 | 62.00 | 118.00 | 180.00 | OK |
Version: 1.4
Check: installed package size
Result: NOTE
installed size is 7.6Mb
sub-directories of 1Mb or more:
libs 7.3Mb
Flavors: r-oldrel-macos-arm64, r-oldrel-macos-x86_64
These binaries (installable software) and packages are in development.
They may not be fully stable and should be used with caution. We make no claims about them.