Last updated on 2025-05-07 15:49:29 CEST.
Flavor | Version | Tinstall | Tcheck | Ttotal | Status | Flags |
---|---|---|---|---|---|---|
r-devel-linux-x86_64-debian-clang | 1.4 | 47.81 | 60.16 | 107.97 | OK | |
r-devel-linux-x86_64-debian-gcc | 1.4 | 37.45 | 43.75 | 81.20 | OK | |
r-devel-linux-x86_64-fedora-clang | 1.4 | 186.78 | OK | |||
r-devel-linux-x86_64-fedora-gcc | 1.4 | 210.23 | OK | |||
r-devel-windows-x86_64 | 1.4 | 52.00 | 90.00 | 142.00 | OK | |
r-patched-linux-x86_64 | 1.4 | 51.22 | 57.39 | 108.61 | OK | |
r-release-linux-x86_64 | 1.4 | 49.65 | 57.38 | 107.03 | OK | |
r-release-macos-arm64 | 1.4 | 50.00 | OK | |||
r-release-macos-x86_64 | 1.4 | 101.00 | OK | |||
r-release-windows-x86_64 | 1.4 | 52.00 | 95.00 | 147.00 | OK | |
r-oldrel-macos-arm64 | 1.4 | 50.00 | NOTE | |||
r-oldrel-macos-x86_64 | 1.4 | 104.00 | NOTE | |||
r-oldrel-windows-x86_64 | 1.4 | 63.00 | 116.00 | 179.00 | OK |
Version: 1.4
Check: installed package size
Result: NOTE
installed size is 7.6Mb
sub-directories of 1Mb or more:
libs 7.3Mb
Flavors: r-oldrel-macos-arm64, r-oldrel-macos-x86_64
These binaries (installable software) and packages are in development.
They may not be fully stable and should be used with caution. We make no claims about them.