CRAN Package Check Results for Package saeMSPE

Last updated on 2025-07-21 19:49:55 CEST.

Flavor Version Tinstall Tcheck Ttotal Status Flags
r-devel-linux-x86_64-debian-clang 1.4 51.92 59.84 111.76 OK
r-devel-linux-x86_64-debian-gcc 1.4 35.88 45.75 81.63 OK
r-devel-linux-x86_64-fedora-clang 1.4 180.11 OK
r-devel-linux-x86_64-fedora-gcc 1.4 185.52 OK
r-devel-windows-x86_64 1.4 49.00 94.00 143.00 OK
r-patched-linux-x86_64 1.4 51.02 56.86 107.88 OK
r-release-linux-x86_64 1.4 49.79 56.93 106.72 OK
r-release-macos-arm64 1.4 50.00 OK
r-release-macos-x86_64 1.4 101.00 OK
r-release-windows-x86_64 1.4 49.00 96.00 145.00 OK
r-oldrel-macos-arm64 1.4 50.00 NOTE
r-oldrel-macos-x86_64 1.4 104.00 NOTE
r-oldrel-windows-x86_64 1.4 63.00 117.00 180.00 OK

Check Details

Version: 1.4
Check: installed package size
Result: NOTE installed size is 7.6Mb sub-directories of 1Mb or more: libs 7.3Mb Flavors: r-oldrel-macos-arm64, r-oldrel-macos-x86_64

These binaries (installable software) and packages are in development.
They may not be fully stable and should be used with caution. We make no claims about them.