Last updated on 2025-11-12 18:50:45 CET.
| Flavor | Version | Tinstall | Tcheck | Ttotal | Status | Flags |
|---|---|---|---|---|---|---|
| r-devel-linux-x86_64-debian-clang | 0.5.0 | 35.75 | 216.52 | 252.27 | NOTE | |
| r-devel-linux-x86_64-debian-gcc | 0.5.0 | 23.99 | 153.54 | 177.53 | NOTE | |
| r-devel-linux-x86_64-fedora-clang | 0.5.0 | 75.00 | 333.19 | 408.19 | OK | |
| r-devel-linux-x86_64-fedora-gcc | 0.5.0 | 146.00 | 294.44 | 440.44 | OK | |
| r-devel-windows-x86_64 | 0.5.0 | 47.00 | 166.00 | 213.00 | OK | |
| r-patched-linux-x86_64 | 0.5.0 | 35.05 | 232.43 | 267.48 | OK | |
| r-release-linux-x86_64 | 0.5.0 | 34.79 | 230.15 | 264.94 | OK | |
| r-release-macos-arm64 | 0.5.0 | 16.00 | 89.00 | 105.00 | OK | |
| r-release-macos-x86_64 | 0.5.0 | 25.00 | 163.00 | 188.00 | OK | |
| r-release-windows-x86_64 | 0.5.0 | 46.00 | 162.00 | 208.00 | OK | |
| r-oldrel-macos-arm64 | 0.5.0 | 14.00 | 59.00 | 73.00 | OK | |
| r-oldrel-macos-x86_64 | 0.5.0 | 22.00 | 117.00 | 139.00 | OK | |
| r-oldrel-windows-x86_64 | 0.5.0 | 55.00 | 224.00 | 279.00 | OK |
Version: 0.5.0
Check: CRAN incoming feasibility
Result: NOTE
Maintainer: ‘Sebastian Warnholz <wahani@gmail.com>’
No Authors@R field in DESCRIPTION.
Please add one, modifying
Authors@R: person(given = "Sebastian",
family = "Warnholz",
role = c("aut", "cre"),
email = "wahani@gmail.com")
as necessary.
Flavors: r-devel-linux-x86_64-debian-clang, r-devel-linux-x86_64-debian-gcc
These binaries (installable software) and packages are in development.
They may not be fully stable and should be used with caution. We make no claims about them.