Last updated on 2025-10-23 15:50:10 CEST.
Flavor | Version | Tinstall | Tcheck | Ttotal | Status | Flags |
---|---|---|---|---|---|---|
r-devel-linux-x86_64-debian-clang | 0.5.0 | 34.66 | 216.87 | 251.53 | NOTE | |
r-devel-linux-x86_64-debian-gcc | 0.5.0 | 24.40 | 154.87 | 179.27 | NOTE | |
r-devel-linux-x86_64-fedora-clang | 0.5.0 | 170.00 | 260.62 | 430.62 | OK | |
r-devel-linux-x86_64-fedora-gcc | 0.5.0 | 81.00 | 330.38 | 411.38 | OK | |
r-devel-windows-x86_64 | 0.5.0 | 45.00 | 169.00 | 214.00 | OK | |
r-patched-linux-x86_64 | 0.5.0 | 34.67 | 229.70 | 264.37 | OK | |
r-release-linux-x86_64 | 0.5.0 | 36.11 | 231.36 | 267.47 | OK | |
r-release-macos-arm64 | 0.5.0 | 16.00 | 89.00 | 105.00 | OK | |
r-release-macos-x86_64 | 0.5.0 | 25.00 | 163.00 | 188.00 | OK | |
r-release-windows-x86_64 | 0.5.0 | 46.00 | 166.00 | 212.00 | OK | |
r-oldrel-macos-arm64 | 0.5.0 | 14.00 | 59.00 | 73.00 | OK | |
r-oldrel-macos-x86_64 | 0.5.0 | 22.00 | 117.00 | 139.00 | OK | |
r-oldrel-windows-x86_64 | 0.5.0 | 53.00 | 224.00 | 277.00 | OK |
Version: 0.5.0
Check: CRAN incoming feasibility
Result: NOTE
Maintainer: ‘Sebastian Warnholz <wahani@gmail.com>’
No Authors@R field in DESCRIPTION.
Please add one, modifying
Authors@R: person(given = "Sebastian",
family = "Warnholz",
role = c("aut", "cre"),
email = "wahani@gmail.com")
as necessary.
Flavors: r-devel-linux-x86_64-debian-clang, r-devel-linux-x86_64-debian-gcc
Version: 0.5.0
Check: HTML version of manual
Result: NOTE
Found the following HTML validation problems:
update.html:64:1 (update.Rd:19): Warning: missing </ul> before </div>
Flavor: r-devel-linux-x86_64-debian-clang
These binaries (installable software) and packages are in development.
They may not be fully stable and should be used with caution. We make no claims about them.