Last updated on 2025-05-01 08:52:45 CEST.
Flavor | Version | Tinstall | Tcheck | Ttotal | Status | Flags |
---|---|---|---|---|---|---|
r-devel-linux-x86_64-debian-clang | 0.5.0 | 34.83 | 207.83 | 242.66 | NOTE | |
r-devel-linux-x86_64-debian-gcc | 0.5.0 | 25.32 | 149.75 | 175.07 | NOTE | |
r-devel-linux-x86_64-fedora-clang | 0.5.0 | 344.29 | OK | |||
r-devel-linux-x86_64-fedora-gcc | 0.5.0 | 361.35 | OK | |||
r-devel-windows-x86_64 | 0.5.0 | 42.00 | 166.00 | 208.00 | OK | |
r-patched-linux-x86_64 | 0.5.0 | 36.52 | 219.96 | 256.48 | OK | |
r-release-linux-x86_64 | OK | |||||
r-release-macos-arm64 | 0.5.0 | 105.00 | OK | |||
r-release-macos-x86_64 | 0.5.0 | 188.00 | OK | |||
r-release-windows-x86_64 | 0.5.0 | 46.00 | 172.00 | 218.00 | OK | |
r-oldrel-macos-arm64 | 0.5.0 | 73.00 | OK | |||
r-oldrel-macos-x86_64 | 0.5.0 | 139.00 | OK | |||
r-oldrel-windows-x86_64 | 0.5.0 | 49.00 | 221.00 | 270.00 | OK |
Version: 0.5.0
Check: CRAN incoming feasibility
Result: NOTE
Maintainer: ‘Sebastian Warnholz <wahani@gmail.com>’
No Authors@R field in DESCRIPTION.
Please add one, modifying
Authors@R: person(given = "Sebastian",
family = "Warnholz",
role = c("aut", "cre"),
email = "wahani@gmail.com")
as necessary.
Flavors: r-devel-linux-x86_64-debian-clang, r-devel-linux-x86_64-debian-gcc
These binaries (installable software) and packages are in development.
They may not be fully stable and should be used with caution. We make no claims about them.