Last updated on 2025-02-16 08:51:00 CET.
Flavor | Version | Tinstall | Tcheck | Ttotal | Status | Flags |
---|---|---|---|---|---|---|
r-devel-linux-x86_64-debian-clang | 0.11.0 | 10.14 | 112.66 | 122.80 | NOTE | |
r-devel-linux-x86_64-debian-gcc | 0.11.0 | 7.84 | 80.28 | 88.12 | NOTE | |
r-devel-linux-x86_64-fedora-clang | 0.11.0 | 192.75 | NOTE | |||
r-devel-linux-x86_64-fedora-gcc | 0.11.0 | 191.66 | NOTE | |||
r-devel-macos-arm64 | 0.11.0 | 60.00 | NOTE | |||
r-devel-macos-x86_64 | 0.11.0 | 122.00 | NOTE | |||
r-devel-windows-x86_64 | 0.11.0 | 12.00 | 120.00 | 132.00 | NOTE | |
r-patched-linux-x86_64 | 0.11.0 | 15.67 | 103.53 | 119.20 | NOTE | |
r-release-linux-x86_64 | 0.11.0 | 8.43 | 102.68 | 111.11 | NOTE | |
r-release-macos-arm64 | 0.11.0 | 55.00 | NOTE | |||
r-release-macos-x86_64 | 0.11.0 | 89.00 | NOTE | |||
r-release-windows-x86_64 | 0.11.0 | 12.00 | 120.00 | 132.00 | NOTE | |
r-oldrel-macos-arm64 | 0.11.0 | 63.00 | OK | |||
r-oldrel-macos-x86_64 | 0.11.0 | 111.00 | OK | |||
r-oldrel-windows-x86_64 | 0.11.0 | 14.00 | 173.00 | 187.00 | OK |
Version: 0.11.0
Check: Rd files
Result: NOTE
checkRd: (-1) sim_setup_preconfigured.Rd:24: Lost braces in \itemize; meant \describe ?
checkRd: (-1) sim_setup_preconfigured.Rd:25: Lost braces in \itemize; meant \describe ?
checkRd: (-1) sim_setup_preconfigured.Rd:26: Lost braces in \itemize; meant \describe ?
checkRd: (-1) sim_setup_preconfigured.Rd:27: Lost braces in \itemize; meant \describe ?
checkRd: (-1) sim_setup_preconfigured.Rd:28: Lost braces in \itemize; meant \describe ?
checkRd: (-1) sim_setup_preconfigured.Rd:29: Lost braces in \itemize; meant \describe ?
checkRd: (-1) sim_setup_preconfigured.Rd:30: Lost braces in \itemize; meant \describe ?
checkRd: (-1) sim_setup_preconfigured.Rd:31: Lost braces in \itemize; meant \describe ?
Flavors: r-devel-linux-x86_64-debian-clang, r-devel-linux-x86_64-debian-gcc, r-devel-linux-x86_64-fedora-clang, r-devel-linux-x86_64-fedora-gcc, r-devel-macos-arm64, r-devel-macos-x86_64, r-devel-windows-x86_64, r-patched-linux-x86_64, r-release-linux-x86_64, r-release-macos-arm64, r-release-macos-x86_64, r-release-windows-x86_64
Version: 0.11.0
Check: Rd cross-references
Result: NOTE
Found the following Rd file(s) with Rd \link{} targets missing package
anchors:
sim.Rd: parallelStart, parallelLibrary, parallelExport
Please provide package anchors for all Rd \link{} targets not in the
package itself and the base packages.
Flavors: r-devel-linux-x86_64-debian-clang, r-devel-linux-x86_64-debian-gcc, r-devel-windows-x86_64
These binaries (installable software) and packages are in development.
They may not be fully stable and should be used with caution. We make no claims about them.