Last updated on 2025-05-01 14:49:22 CEST.
Flavor | Version | Tinstall | Tcheck | Ttotal | Status | Flags |
---|---|---|---|---|---|---|
r-devel-linux-x86_64-debian-clang | 0.1.0 | 2.14 | 22.51 | 24.65 | NOTE | |
r-devel-linux-x86_64-debian-gcc | 0.1.0 | 1.87 | 18.09 | 19.96 | NOTE | |
r-devel-linux-x86_64-fedora-clang | 0.1.0 | 40.15 | OK | |||
r-devel-linux-x86_64-fedora-gcc | 0.1.0 | 38.70 | OK | |||
r-devel-windows-x86_64 | 0.1.0 | 3.00 | 43.00 | 46.00 | OK | |
r-patched-linux-x86_64 | 0.1.0 | 2.43 | 21.54 | 23.97 | OK | |
r-release-linux-x86_64 | OK | |||||
r-release-macos-arm64 | 0.1.0 | 19.00 | OK | |||
r-release-macos-x86_64 | 0.1.0 | 29.00 | OK | |||
r-release-windows-x86_64 | 0.1.0 | 3.00 | 43.00 | 46.00 | OK | |
r-oldrel-macos-arm64 | 0.1.0 | 17.00 | OK | |||
r-oldrel-macos-x86_64 | 0.1.0 | 25.00 | OK | |||
r-oldrel-windows-x86_64 | 0.1.0 | 4.00 | 47.00 | 51.00 | OK |
Version: 0.1.0
Check: CRAN incoming feasibility
Result: NOTE
Maintainer: ‘Rizki Ananda Fauziah <rizkiananda133@gmail.com>’
No Authors@R field in DESCRIPTION.
Please add one, modifying
Authors@R: c(person(given = c("Rizki", "Ananda"),
family = "Fauziah",
role = c("aut", "cre"),
email = "rizkiananda133@gmail.com"),
person(given = c("Ika", "Yuni"),
family = "Wulansari",
role = "aut"))
as necessary.
Flavors: r-devel-linux-x86_64-debian-clang, r-devel-linux-x86_64-debian-gcc
These binaries (installable software) and packages are in development.
They may not be fully stable and should be used with caution. We make no claims about them.