CRAN Package Check Results for Package saekernel

Last updated on 2025-07-19 21:49:48 CEST.

Flavor Version Tinstall Tcheck Ttotal Status Flags
r-devel-linux-x86_64-debian-clang 0.1.1 1.75 23.54 25.29 NOTE
r-devel-linux-x86_64-debian-gcc 0.1.1 1.38 19.46 20.84 NOTE
r-devel-linux-x86_64-fedora-clang 0.1.1 40.86 OK
r-devel-linux-x86_64-fedora-gcc 0.1.1 53.67 OK
r-devel-windows-x86_64 0.1.1 4.00 43.00 47.00 OK
r-patched-linux-x86_64 0.1.1 1.80 21.42 23.22 OK
r-release-linux-x86_64 0.1.1 1.70 21.18 22.88 OK
r-release-macos-arm64 0.1.1 38.00 OK
r-release-macos-x86_64 0.1.1 43.00 OK
r-release-windows-x86_64 0.1.1 2.00 43.00 45.00 OK
r-oldrel-macos-arm64 0.1.1 22.00 OK
r-oldrel-macos-x86_64 0.1.1 55.00 OK
r-oldrel-windows-x86_64 0.1.1 4.00 48.00 52.00 OK

Check Details

Version: 0.1.1
Check: CRAN incoming feasibility
Result: NOTE Maintainer: ‘Wicak Surya Hasani <221710052@stis.ac.id>’ No Authors@R field in DESCRIPTION. Please add one, modifying Authors@R: c(person(given = c("Wicak", "Surya"), family = "Hasani", role = c("aut", "cre"), email = "221710052@stis.ac.id"), person(given = "Azka", family = "Ubaidillah", role = "aut")) as necessary. Flavors: r-devel-linux-x86_64-debian-clang, r-devel-linux-x86_64-debian-gcc

These binaries (installable software) and packages are in development.
They may not be fully stable and should be used with caution. We make no claims about them.