Last updated on 2025-10-23 17:51:01 CEST.
Flavor | Version | Tinstall | Tcheck | Ttotal | Status | Flags |
---|---|---|---|---|---|---|
r-devel-linux-x86_64-debian-clang | 0.1.1 | 1.79 | 24.70 | 26.49 | NOTE | |
r-devel-linux-x86_64-debian-gcc | 0.1.1 | 1.46 | 20.96 | 22.42 | NOTE | |
r-devel-linux-x86_64-fedora-clang | 0.1.1 | 38.60 | OK | |||
r-devel-linux-x86_64-fedora-gcc | 0.1.1 | 51.98 | OK | |||
r-devel-windows-x86_64 | 0.1.1 | 2.00 | 42.00 | 44.00 | OK | |
r-patched-linux-x86_64 | 0.1.1 | 1.83 | 22.47 | 24.30 | OK | |
r-release-linux-x86_64 | 0.1.1 | 1.62 | 22.39 | 24.01 | OK | |
r-release-macos-arm64 | 0.1.1 | 1.00 | 37.00 | 38.00 | OK | |
r-release-macos-x86_64 | 0.1.1 | 2.00 | 41.00 | 43.00 | OK | |
r-release-windows-x86_64 | 0.1.1 | 3.00 | 44.00 | 47.00 | OK | |
r-oldrel-macos-arm64 | 0.1.1 | 1.00 | 21.00 | 22.00 | OK | |
r-oldrel-macos-x86_64 | 0.1.1 | 2.00 | 53.00 | 55.00 | OK | |
r-oldrel-windows-x86_64 | 0.1.1 | 5.00 | 48.00 | 53.00 | OK |
Version: 0.1.1
Check: CRAN incoming feasibility
Result: NOTE
Maintainer: ‘Wicak Surya Hasani <221710052@stis.ac.id>’
No Authors@R field in DESCRIPTION.
Please add one, modifying
Authors@R: c(person(given = c("Wicak", "Surya"),
family = "Hasani",
role = c("aut", "cre"),
email = "221710052@stis.ac.id"),
person(given = "Azka",
family = "Ubaidillah",
role = "aut"))
as necessary.
Flavors: r-devel-linux-x86_64-debian-clang, r-devel-linux-x86_64-debian-gcc
These binaries (installable software) and packages are in development.
They may not be fully stable and should be used with caution. We make no claims about them.