Last updated on 2025-05-01 08:52:45 CEST.
Flavor | Version | Tinstall | Tcheck | Ttotal | Status | Flags |
---|---|---|---|---|---|---|
r-devel-linux-x86_64-debian-clang | 3.3 | 23.79 | 132.93 | 156.72 | NOTE | |
r-devel-linux-x86_64-debian-gcc | 3.3 | 15.52 | 88.12 | 103.64 | NOTE | |
r-devel-linux-x86_64-fedora-clang | 3.3 | 256.32 | OK | |||
r-devel-linux-x86_64-fedora-gcc | 3.3 | 225.42 | OK | |||
r-devel-windows-x86_64 | 3.3 | 24.00 | 155.00 | 179.00 | NOTE | |
r-patched-linux-x86_64 | 3.3 | 25.10 | 122.96 | 148.06 | NOTE | |
r-release-linux-x86_64 | NOTE | |||||
r-release-macos-arm64 | 3.3 | 58.00 | OK | |||
r-release-macos-x86_64 | 3.3 | 120.00 | OK | |||
r-release-windows-x86_64 | 3.3 | 28.00 | 161.00 | 189.00 | NOTE | |
r-oldrel-macos-arm64 | 3.3 | 63.00 | OK | |||
r-oldrel-macos-x86_64 | 3.3 | 135.00 | OK | |||
r-oldrel-windows-x86_64 | 3.3 | 33.00 | 184.00 | 217.00 | OK |
Version: 3.3
Check: Rd cross-references
Result: NOTE
Found the following Rd file(s) with Rd \link{} targets missing package
anchors:
npdeSaemix.Rd: npde, NpdeObject, npde.graphs, gof.test,
npde.plot.select, autonpde, npde.plot.scatterplot, npde.plot.dist
xbinning.Rd: npde, autonpde
Please provide package anchors for all Rd \link{} targets not in the
package itself and the base packages.
Flavors: r-devel-linux-x86_64-debian-clang, r-devel-linux-x86_64-debian-gcc, r-devel-windows-x86_64, r-patched-linux-x86_64, r-release-linux-x86_64, r-release-windows-x86_64
Version: 3.3
Check: examples
Result: NOTE
Examples with CPU (user + system) or elapsed time > 5s
user system elapsed
step.saemix 4.772 0.018 5.929
Flavor: r-devel-linux-x86_64-debian-clang
These binaries (installable software) and packages are in development.
They may not be fully stable and should be used with caution. We make no claims about them.