Last updated on 2025-05-01 14:49:22 CEST.
Flavor | Version | Tinstall | Tcheck | Ttotal | Status | Flags |
---|---|---|---|---|---|---|
r-devel-linux-x86_64-debian-clang | 0.2.1 | 2.11 | 18.84 | 20.95 | NOTE | |
r-devel-linux-x86_64-debian-gcc | 0.2.1 | 1.53 | 15.46 | 16.99 | NOTE | |
r-devel-linux-x86_64-fedora-clang | 0.2.1 | 34.12 | NOTE | |||
r-devel-linux-x86_64-fedora-gcc | 0.2.1 | 31.00 | NOTE | |||
r-devel-windows-x86_64 | 0.2.1 | 3.00 | 45.00 | 48.00 | NOTE | |
r-patched-linux-x86_64 | 0.2.1 | 1.83 | 18.27 | 20.10 | NOTE | |
r-release-linux-x86_64 | NOTE | |||||
r-release-macos-arm64 | 0.2.1 | 16.00 | NOTE | |||
r-release-macos-x86_64 | 0.2.1 | 24.00 | NOTE | |||
r-release-windows-x86_64 | 0.2.1 | 4.00 | 47.00 | 51.00 | NOTE | |
r-oldrel-macos-arm64 | 0.2.1 | 15.00 | NOTE | |||
r-oldrel-macos-x86_64 | 0.2.1 | 21.00 | NOTE | |||
r-oldrel-windows-x86_64 | 0.2.1 | 3.00 | 40.00 | 43.00 | NOTE |
Version: 0.2.1
Check: package subdirectories
Result: NOTE
Problems with news in ‘NEWS.md’:
No news entries found.
Flavors: r-devel-linux-x86_64-debian-clang, r-devel-linux-x86_64-debian-gcc, r-devel-linux-x86_64-fedora-clang, r-devel-linux-x86_64-fedora-gcc, r-devel-windows-x86_64, r-patched-linux-x86_64, r-release-linux-x86_64, r-release-macos-arm64, r-release-macos-x86_64, r-release-windows-x86_64, r-oldrel-macos-arm64, r-oldrel-macos-x86_64, r-oldrel-windows-x86_64
Version: 0.2.1
Check: LazyData
Result: NOTE
'LazyData' is specified without a 'data' directory
Flavors: r-oldrel-macos-arm64, r-oldrel-macos-x86_64, r-oldrel-windows-x86_64
These binaries (installable software) and packages are in development.
They may not be fully stable and should be used with caution. We make no claims about them.