Last updated on 2025-07-02 05:50:26 CEST.
Flavor | Version | Tinstall | Tcheck | Ttotal | Status | Flags |
---|---|---|---|---|---|---|
r-devel-linux-x86_64-debian-clang | 0.8.7 | 13.46 | 179.58 | 193.04 | NOTE | |
r-devel-linux-x86_64-debian-gcc | 0.8.7 | 8.61 | 119.60 | 128.21 | NOTE | |
r-devel-linux-x86_64-fedora-clang | 0.8.7 | 303.44 | OK | |||
r-devel-linux-x86_64-fedora-gcc | 0.8.7 | 305.98 | OK | |||
r-devel-windows-x86_64 | 0.8.7 | 14.00 | 189.00 | 203.00 | OK | |
r-patched-linux-x86_64 | OK | |||||
r-release-linux-x86_64 | 0.8.7 | 10.94 | 171.70 | 182.64 | OK | |
r-release-macos-arm64 | 0.8.7 | 82.00 | OK | |||
r-release-macos-x86_64 | 0.8.7 | 174.00 | OK | |||
r-release-windows-x86_64 | 0.8.7 | 14.00 | 189.00 | 203.00 | OK | |
r-oldrel-macos-arm64 | 0.8.7 | 77.00 | OK | |||
r-oldrel-macos-x86_64 | 0.8.7 | 128.00 | OK | |||
r-oldrel-windows-x86_64 | 0.8.7 | 18.00 | 246.00 | 264.00 | OK |
Version: 0.8.7
Check: CRAN incoming feasibility
Result: NOTE
Maintainer: ‘Alexander Ly <a.ly@jasp-stats.org>’
The Description field contains
(2019) "Safe Testing" <arXiv:1906.07801>, for details on safe logrank
Horizon" <arXiv:2011.06931v3> and Turner, Ly and Grunwald (2021) "Safe
beyond" <arXiv:2106.02693> for details on safe contingency table tests.
Please refer to arXiv e-prints via their arXiv DOI <doi:10.48550/arXiv.YYMM.NNNNN>.
Flavors: r-devel-linux-x86_64-debian-clang, r-devel-linux-x86_64-debian-gcc
These binaries (installable software) and packages are in development.
They may not be fully stable and should be used with caution. We make no claims about them.