Last updated on 2025-05-07 15:49:29 CEST.
Flavor | Version | Tinstall | Tcheck | Ttotal | Status | Flags |
---|---|---|---|---|---|---|
r-devel-linux-x86_64-debian-clang | 1.0.1 | 1.99 | 21.82 | 23.81 | OK | |
r-devel-linux-x86_64-debian-gcc | 1.0.1 | 1.45 | 16.94 | 18.39 | OK | |
r-devel-linux-x86_64-fedora-clang | 1.0.1 | 39.40 | NOTE | |||
r-devel-linux-x86_64-fedora-gcc | 1.0.1 | 38.19 | NOTE | |||
r-devel-windows-x86_64 | 1.0.1 | 3.00 | 40.00 | 43.00 | OK | |
r-patched-linux-x86_64 | 1.0.1 | 1.84 | 20.85 | 22.69 | OK | |
r-release-linux-x86_64 | 1.0.1 | 1.84 | 20.81 | 22.65 | OK | |
r-release-macos-arm64 | 1.0.1 | 16.00 | OK | |||
r-release-macos-x86_64 | 1.0.1 | 25.00 | OK | |||
r-release-windows-x86_64 | 1.0.1 | 3.00 | 42.00 | 45.00 | OK | |
r-oldrel-macos-arm64 | 1.0.1 | 14.00 | OK | |||
r-oldrel-macos-x86_64 | 1.0.1 | 23.00 | OK | |||
r-oldrel-windows-x86_64 | 1.0.1 | 3.00 | 45.00 | 48.00 | OK |
Version: 1.0.1
Check: dependencies in R code
Result: NOTE
Namespace in Imports field not imported from: ‘mvtnorm’
All declared Imports should be used.
Flavors: r-devel-linux-x86_64-fedora-clang, r-devel-linux-x86_64-fedora-gcc
These binaries (installable software) and packages are in development.
They may not be fully stable and should be used with caution. We make no claims about them.