Last updated on 2025-02-16 08:51:00 CET.
Flavor | Version | Tinstall | Tcheck | Ttotal | Status | Flags |
---|---|---|---|---|---|---|
r-devel-linux-x86_64-debian-clang | 0.3.42 | 173.50 | 33.41 | 206.91 | OK | |
r-devel-linux-x86_64-debian-gcc | 0.3.42 | 137.79 | 23.17 | 160.96 | OK | |
r-devel-linux-x86_64-fedora-clang | 0.3.42 | 238.11 | OK | |||
r-devel-linux-x86_64-fedora-gcc | 0.3.42 | 234.74 | OK | |||
r-devel-macos-arm64 | 0.3.42 | 73.00 | OK | |||
r-devel-macos-x86_64 | 0.3.42 | 140.00 | OK | |||
r-devel-windows-x86_64 | 0.3.42 | 127.00 | 60.00 | 187.00 | OK | |
r-patched-linux-x86_64 | 0.3.42 | 162.99 | 32.45 | 195.44 | OK | |
r-release-linux-x86_64 | 0.3.42 | 167.00 | 32.49 | 199.49 | OK | |
r-release-macos-arm64 | 0.3.42 | 82.00 | NOTE | |||
r-release-macos-x86_64 | 0.3.42 | 195.00 | NOTE | |||
r-release-windows-x86_64 | 0.3.42 | 142.00 | 65.00 | 207.00 | OK | |
r-oldrel-macos-arm64 | 0.3.42 | 81.00 | NOTE | |||
r-oldrel-macos-x86_64 | 0.3.42 | 216.00 | NOTE | |||
r-oldrel-windows-x86_64 | 0.3.42 | 126.00 | 75.00 | 201.00 | OK |
Version: 0.3.42
Check: installed package size
Result: NOTE
installed size is 8.5Mb
sub-directories of 1Mb or more:
libs 8.2Mb
Flavors: r-release-macos-arm64, r-release-macos-x86_64, r-oldrel-macos-arm64, r-oldrel-macos-x86_64
These binaries (installable software) and packages are in development.
They may not be fully stable and should be used with caution. We make no claims about them.