Last updated on 2025-10-03 01:50:01 CEST.
Flavor | Version | Tinstall | Tcheck | Ttotal | Status | Flags |
---|---|---|---|---|---|---|
r-devel-linux-x86_64-debian-clang | 4.0.0 | 156.65 | 388.93 | 545.58 | OK | |
r-devel-linux-x86_64-debian-gcc | 4.0.0 | 117.77 | 266.27 | 384.04 | OK | |
r-devel-linux-x86_64-fedora-clang | 4.0.0 | 855.57 | OK | |||
r-devel-linux-x86_64-fedora-gcc | 4.0.0 | 881.34 | OK | |||
r-devel-windows-x86_64 | 4.0.0 | 160.00 | 329.00 | 489.00 | OK | |
r-patched-linux-x86_64 | 4.0.0 | 165.06 | 379.83 | 544.89 | OK | |
r-release-linux-x86_64 | 4.0.0 | 153.19 | 380.90 | 534.09 | OK | |
r-release-macos-arm64 | 4.0.0 | 219.00 | OK | |||
r-release-macos-x86_64 | 4.0.0 | 412.00 | OK | |||
r-release-windows-x86_64 | 4.0.0 | 158.00 | 330.00 | 488.00 | OK | |
r-oldrel-macos-arm64 | 4.0.0 | 213.00 | NOTE | |||
r-oldrel-macos-x86_64 | 4.0.0 | 335.00 | NOTE | |||
r-oldrel-windows-x86_64 | 4.0.0 | 196.00 | 454.00 | 650.00 | OK |
Version: 4.0.0
Check: installed package size
Result: NOTE
installed size is 16.6Mb
sub-directories of 1Mb or more:
libs 15.5Mb
Flavors: r-oldrel-macos-arm64, r-oldrel-macos-x86_64
These binaries (installable software) and packages are in development.
They may not be fully stable and should be used with caution. We make no claims about them.