Last updated on 2025-05-22 06:51:58 CEST.
Flavor | Version | Tinstall | Tcheck | Ttotal | Status | Flags |
---|---|---|---|---|---|---|
r-devel-linux-x86_64-debian-clang | 4.1.1 | 9.28 | 76.31 | 85.59 | NOTE | |
r-devel-linux-x86_64-debian-gcc | 4.1.1 | 7.45 | 57.33 | 64.78 | NOTE | |
r-devel-linux-x86_64-fedora-clang | 4.1.1 | 135.60 | OK | |||
r-devel-linux-x86_64-fedora-gcc | 4.1.1 | 151.76 | OK | |||
r-devel-windows-x86_64 | 4.1.1 | 12.00 | 121.00 | 133.00 | OK | |
r-patched-linux-x86_64 | 4.1.1 | 9.39 | 72.57 | 81.96 | OK | |
r-release-linux-x86_64 | 4.1.1 | 8.88 | 73.15 | 82.03 | OK | |
r-release-macos-arm64 | 4.1.1 | 51.00 | OK | |||
r-release-macos-x86_64 | 4.1.1 | 107.00 | OK | |||
r-release-windows-x86_64 | 4.1.1 | 12.00 | 141.00 | 153.00 | OK | |
r-oldrel-macos-arm64 | 4.1.1 | 50.00 | OK | |||
r-oldrel-macos-x86_64 | 4.1.1 | 74.00 | OK | |||
r-oldrel-windows-x86_64 | 4.1.1 | 15.00 | 118.00 | 133.00 | OK |
Version: 4.1.1
Check: CRAN incoming feasibility
Result: NOTE
Maintainer: ‘Hugo Andres Gutierrez Rojas <hagutierrezro@gmail.com>’
No Authors@R field in DESCRIPTION.
Please add one, modifying
Authors@R: person(given = c("Hugo", "Andres", "Gutierrez"),
family = "Rojas",
role = c("aut", "cre"),
email = "hagutierrezro@gmail.com")
as necessary.
Flavors: r-devel-linux-x86_64-debian-clang, r-devel-linux-x86_64-debian-gcc
These binaries (installable software) and packages are in development.
They may not be fully stable and should be used with caution. We make no claims about them.