CRAN Package Check Results for Package samplesizelogisticcasecontrol

Last updated on 2025-07-01 11:49:29 CEST.

Flavor Version Tinstall Tcheck Ttotal Status Flags
r-devel-linux-x86_64-debian-clang 2.0.2 7.88 47.94 55.82 NOTE
r-devel-linux-x86_64-debian-gcc 2.0.2 4.46 34.17 38.63 NOTE
r-devel-linux-x86_64-fedora-clang 2.0.2 85.82 OK
r-devel-linux-x86_64-fedora-gcc 2.0.2 94.66 OK
r-devel-windows-x86_64 2.0.2 7.00 77.00 84.00 OK
r-patched-linux-x86_64 OK
r-release-linux-x86_64 2.0.2 6.89 44.15 51.04 OK
r-release-macos-arm64 2.0.2 33.00 OK
r-release-macos-x86_64 2.0.2 64.00 OK
r-release-windows-x86_64 2.0.2 7.00 80.00 87.00 OK
r-oldrel-macos-arm64 2.0.2 30.00 OK
r-oldrel-macos-x86_64 2.0.2 49.00 OK
r-oldrel-windows-x86_64 2.0.2 6.00 84.00 90.00 OK

Check Details

Version: 2.0.2
Check: CRAN incoming feasibility
Result: NOTE Maintainer: ‘William Wheeler <WheelerB@imsweb.com>’ No Authors@R field in DESCRIPTION. Please add one, modifying Authors@R: c(person(given = c("Mitchell", "H."), family = "Gail", role = "aut"), person(given = "William", family = "Wheeler", role = "cre", email = "WheelerB@imsweb.com")) as necessary. Flavors: r-devel-linux-x86_64-debian-clang, r-devel-linux-x86_64-debian-gcc

These binaries (installable software) and packages are in development.
They may not be fully stable and should be used with caution. We make no claims about them.