Last updated on 2025-02-16 08:51:00 CET.
Flavor | Version | Tinstall | Tcheck | Ttotal | Status | Flags |
---|---|---|---|---|---|---|
r-devel-linux-x86_64-debian-clang | 1.0 | 1.93 | 27.00 | 28.93 | OK | |
r-devel-linux-x86_64-debian-gcc | 1.0 | 1.50 | 21.42 | 22.92 | OK | |
r-devel-linux-x86_64-fedora-clang | 1.0 | 48.87 | OK | |||
r-devel-linux-x86_64-fedora-gcc | 1.0 | 59.23 | OK | |||
r-devel-macos-arm64 | 1.0 | 24.00 | OK | |||
r-devel-macos-x86_64 | 1.0 | 47.00 | OK | |||
r-devel-windows-x86_64 | 1.0 | 2.00 | 58.00 | 60.00 | OK | |
r-patched-linux-x86_64 | 1.0 | 1.95 | 25.96 | 27.91 | OK | |
r-release-linux-x86_64 | 1.0 | 1.73 | 25.80 | 27.53 | OK | |
r-release-macos-arm64 | 1.0 | 23.00 | OK | |||
r-release-macos-x86_64 | 1.0 | 70.00 | OK | |||
r-release-windows-x86_64 | 1.0 | 2.00 | 65.00 | 67.00 | OK | |
r-oldrel-macos-arm64 | 1.0 | 27.00 | OK | |||
r-oldrel-macos-x86_64 | 1.0 | 34.00 | NOTE | |||
r-oldrel-windows-x86_64 | 1.0 | 3.00 | 62.00 | 65.00 | OK |
Version: 1.0
Check: package dependencies
Result: NOTE
Package suggested but not available for checking: ‘lme4’
Flavor: r-oldrel-macos-x86_64
Version: 1.0
Check: re-building of vignette outputs
Result: NOTE
Note: skipping ‘my-vignette.Rnw’ due to unavailable dependencies: 'lme4'
Flavor: r-oldrel-macos-x86_64
These binaries (installable software) and packages are in development.
They may not be fully stable and should be used with caution. We make no claims about them.