Last updated on 2025-05-02 12:51:31 CEST.
Flavor | Version | Tinstall | Tcheck | Ttotal | Status | Flags |
---|---|---|---|---|---|---|
r-devel-linux-x86_64-debian-clang | 1.2.4 | 8.56 | 82.23 | 90.79 | NOTE | |
r-devel-linux-x86_64-debian-gcc | 1.2.4 | 6.46 | 60.49 | 66.95 | NOTE | |
r-devel-linux-x86_64-fedora-clang | 1.2.4 | 149.15 | OK | |||
r-devel-linux-x86_64-fedora-gcc | 1.2.4 | 149.78 | OK | |||
r-devel-windows-x86_64 | 1.2.4 | 10.00 | 94.00 | 104.00 | OK | |
r-patched-linux-x86_64 | 1.2.4 | 9.19 | 77.68 | 86.87 | OK | |
r-release-linux-x86_64 | OK | |||||
r-release-macos-arm64 | 1.2.4 | 64.00 | OK | |||
r-release-macos-x86_64 | 1.2.4 | 97.00 | OK | |||
r-release-windows-x86_64 | 1.2.4 | 11.00 | 107.00 | 118.00 | OK | |
r-oldrel-macos-arm64 | 1.2.4 | 65.00 | OK | |||
r-oldrel-macos-x86_64 | 1.2.4 | 82.00 | OK | |||
r-oldrel-windows-x86_64 | 1.2.4 | 13.00 | 114.00 | 127.00 | OK |
Version: 1.2.4
Check: CRAN incoming feasibility
Result: NOTE
Maintainer: ‘Juliane Manitz <r@manitz.org>’
No Authors@R field in DESCRIPTION.
Please add one, modifying
Authors@R: c(person(given = "Juliane",
family = "Manitz",
role = c("aut", "cre"),
email = "r@manitz.org"),
person(given = "Mark",
family = "Hempelmann",
role = "ctb"),
person(given = "Goeran",
family = "Kauermann",
role = "ctb"),
person(given = "Helmut",
family = "Kuechenhoff",
role = "aut"),
person(given = "Shuai",
family = "Shao",
role = "ctb"),
person(given = "Cornelia",
family = "Oberhauser",
role = "ctb"),
person(given = "Nina",
family = "Westerheide",
role = "ctb"),
person(given = "Manuel",
family = "Wiesenfarth",
role = "ctb"))
as necessary.
Flavors: r-devel-linux-x86_64-debian-clang, r-devel-linux-x86_64-debian-gcc
These binaries (installable software) and packages are in development.
They may not be fully stable and should be used with caution. We make no claims about them.