Last updated on 2025-07-19 09:48:41 CEST.
Flavor | Version | Tinstall | Tcheck | Ttotal | Status | Flags |
---|---|---|---|---|---|---|
r-devel-linux-x86_64-debian-clang | 1.1.0 | 166.66 | 121.66 | 288.32 | OK | |
r-devel-linux-x86_64-debian-gcc | 1.1.0 | 124.39 | 85.06 | 209.45 | OK | |
r-devel-linux-x86_64-fedora-clang | 1.1.0 | 570.18 | OK | |||
r-devel-linux-x86_64-fedora-gcc | 1.1.0 | 532.22 | OK | |||
r-devel-windows-x86_64 | 1.1.0 | 191.00 | 161.00 | 352.00 | OK | |
r-patched-linux-x86_64 | 1.1.0 | 173.66 | 112.38 | 286.04 | OK | |
r-release-linux-x86_64 | 1.1.0 | 172.33 | 111.93 | 284.26 | OK | |
r-release-macos-arm64 | 1.1.0 | 130.00 | OK | |||
r-release-macos-x86_64 | 1.1.0 | 176.00 | OK | |||
r-release-windows-x86_64 | 1.1.0 | 185.00 | 161.00 | 346.00 | OK | |
r-oldrel-macos-arm64 | 1.1.0 | 117.00 | NOTE | |||
r-oldrel-macos-x86_64 | 1.1.0 | 179.00 | NOTE | |||
r-oldrel-windows-x86_64 | 1.1.0 | 221.00 | 201.00 | 422.00 | OK |
Version: 1.1.0
Check: installed package size
Result: NOTE
installed size is 15.0Mb
sub-directories of 1Mb or more:
libs 13.8Mb
Flavors: r-oldrel-macos-arm64, r-oldrel-macos-x86_64
These binaries (installable software) and packages are in development.
They may not be fully stable and should be used with caution. We make no claims about them.