Last updated on 2025-02-19 17:51:03 CET.
Flavor | Version | Tinstall | Tcheck | Ttotal | Status | Flags |
---|---|---|---|---|---|---|
r-devel-linux-x86_64-debian-clang | 3.0 | 9.80 | 79.58 | 89.38 | NOTE | |
r-devel-linux-x86_64-debian-gcc | 3.0 | 6.63 | 55.54 | 62.17 | NOTE | |
r-devel-linux-x86_64-fedora-clang | 3.0 | 136.59 | NOTE | |||
r-devel-linux-x86_64-fedora-gcc | 3.0 | 139.36 | NOTE | |||
r-devel-macos-arm64 | 3.0 | 41.00 | NOTE | |||
r-devel-macos-x86_64 | 3.0 | 90.00 | NOTE | |||
r-devel-windows-x86_64 | 3.0 | 12.00 | 99.00 | 111.00 | NOTE | |
r-patched-linux-x86_64 | 3.0 | 8.10 | 75.91 | 84.01 | NOTE | |
r-release-linux-x86_64 | 3.0 | 7.31 | 74.47 | 81.78 | NOTE | |
r-release-macos-arm64 | 3.0 | 35.00 | NOTE | |||
r-release-macos-x86_64 | 3.0 | 63.00 | NOTE | |||
r-release-windows-x86_64 | 3.0 | 12.00 | 101.00 | 113.00 | NOTE | |
r-oldrel-macos-arm64 | 3.0 | 47.00 | NOTE | |||
r-oldrel-macos-x86_64 | 3.0 | 75.00 | NOTE | |||
r-oldrel-windows-x86_64 | 3.0 | 15.00 | 112.00 | 127.00 | NOTE |
Version: 3.0
Check: Rd files
Result: NOTE
checkRd: (-1) SAM.Rd:67: Escaped LaTeX specials: \$
checkRd: (-1) samr.Rd:59: Escaped LaTeX specials: \$
checkRd: (-1) samr.Rd:84: Escaped LaTeX specials: \# \$
checkRd: (-1) samr.Rd:88: Escaped LaTeX specials: \$
checkRd: (-1) samr.Rd:92: Escaped LaTeX specials: \$
checkRd: (-1) samr.Rd:97: Escaped LaTeX specials: \#
checkRd: (-1) samr.assess.samplesize.plot.Rd:12: Escaped LaTeX specials: \#
Flavors: r-devel-linux-x86_64-debian-clang, r-devel-linux-x86_64-debian-gcc, r-devel-linux-x86_64-fedora-clang, r-devel-linux-x86_64-fedora-gcc, r-devel-macos-arm64, r-devel-macos-x86_64, r-devel-windows-x86_64, r-patched-linux-x86_64, r-release-linux-x86_64, r-release-macos-arm64, r-release-macos-x86_64, r-release-windows-x86_64, r-oldrel-macos-arm64, r-oldrel-macos-x86_64, r-oldrel-windows-x86_64
These binaries (installable software) and packages are in development.
They may not be fully stable and should be used with caution. We make no claims about them.