Last updated on 2025-02-19 17:51:03 CET.
Flavor | Version | Tinstall | Tcheck | Ttotal | Status | Flags |
---|---|---|---|---|---|---|
r-devel-linux-x86_64-debian-clang | 0.1.0 | 53.00 | 123.14 | 176.14 | NOTE | |
r-devel-linux-x86_64-debian-gcc | 0.1.0 | 35.36 | 82.95 | 118.31 | NOTE | |
r-devel-linux-x86_64-fedora-clang | 0.1.0 | 302.60 | NOTE | |||
r-devel-linux-x86_64-fedora-gcc | 0.1.0 | 306.01 | NOTE | |||
r-devel-macos-arm64 | 0.1.0 | 84.00 | NOTE | |||
r-devel-macos-x86_64 | 0.1.0 | 176.00 | NOTE | |||
r-devel-windows-x86_64 | 0.1.0 | 59.00 | 149.00 | 208.00 | NOTE | |
r-patched-linux-x86_64 | 0.1.0 | 54.63 | 119.43 | 174.06 | NOTE | |
r-release-linux-x86_64 | 0.1.0 | 50.62 | 118.51 | 169.13 | NOTE | |
r-release-macos-arm64 | 0.1.0 | 82.00 | NOTE | |||
r-release-macos-x86_64 | 0.1.0 | 115.00 | NOTE | |||
r-release-windows-x86_64 | 0.1.0 | 57.00 | 149.00 | 206.00 | NOTE | |
r-oldrel-macos-arm64 | 0.1.0 | 85.00 | NOTE | |||
r-oldrel-macos-x86_64 | 0.1.0 | 156.00 | NOTE | |||
r-oldrel-windows-x86_64 | 0.1.0 | 72.00 | 196.00 | 268.00 | NOTE |
Version: 0.1.0
Check: C++ specification
Result: NOTE
Specified C++11: please drop specification unless essential
Flavors: r-devel-linux-x86_64-debian-clang, r-devel-linux-x86_64-debian-gcc, r-devel-linux-x86_64-fedora-clang, r-devel-linux-x86_64-fedora-gcc, r-devel-macos-arm64, r-devel-macos-x86_64, r-devel-windows-x86_64, r-patched-linux-x86_64, r-release-linux-x86_64, r-release-macos-arm64, r-release-macos-x86_64, r-release-windows-x86_64, r-oldrel-macos-arm64, r-oldrel-macos-x86_64, r-oldrel-windows-x86_64
Version: 0.1.0
Check: Rd files
Result: NOTE
checkRd: (-1) ModelHMMR-class.Rd:37: Lost braces; missing escapes or markup?
37 | class {StatHMMR}).
| ^
Flavors: r-devel-linux-x86_64-debian-clang, r-devel-linux-x86_64-debian-gcc, r-devel-linux-x86_64-fedora-clang, r-devel-linux-x86_64-fedora-gcc, r-devel-macos-arm64, r-devel-macos-x86_64, r-devel-windows-x86_64, r-patched-linux-x86_64, r-release-linux-x86_64, r-release-macos-arm64, r-release-macos-x86_64, r-release-windows-x86_64
Version: 0.1.0
Check: installed package size
Result: NOTE
installed size is 10.0Mb
sub-directories of 1Mb or more:
doc 2.3Mb
help 3.4Mb
libs 3.8Mb
Flavors: r-release-macos-arm64, r-release-macos-x86_64, r-release-windows-x86_64, r-oldrel-macos-arm64, r-oldrel-macos-x86_64, r-oldrel-windows-x86_64
These binaries (installable software) and packages are in development.
They may not be fully stable and should be used with caution. We make no claims about them.