Last updated on 2025-05-24 15:53:23 CEST.
Flavor | Version | Tinstall | Tcheck | Ttotal | Status | Flags |
---|---|---|---|---|---|---|
r-devel-linux-x86_64-fedora-clang | 0.0.1 | 507.47 | OK | |||
r-release-macos-arm64 | 0.0.1 | 86.00 | OK | |||
r-release-windows-x86_64 | 0.0.1 | 144.00 | 118.00 | 262.00 | OK | |
r-oldrel-macos-arm64 | 0.0.1 | 86.00 | NOTE | |||
r-oldrel-windows-x86_64 | 0.0.1 | 209.00 | 120.00 | 329.00 | OK |
Version: 0.0.1
Check: installed package size
Result: NOTE
installed size is 8.7Mb
sub-directories of 1Mb or more:
libs 8.3Mb
Flavor: r-oldrel-macos-arm64
These binaries (installable software) and packages are in development.
They may not be fully stable and should be used with caution. We make no claims about them.