Last updated on 2025-07-26 00:49:16 CEST.
Flavor | Version | Tinstall | Tcheck | Ttotal | Status | Flags |
---|---|---|---|---|---|---|
r-devel-linux-x86_64-debian-clang | 0.0.1 | 160.80 | 73.01 | 233.81 | OK | |
r-devel-linux-x86_64-debian-gcc | 0.0.1 | 109.23 | 50.69 | 159.92 | OK | |
r-devel-linux-x86_64-fedora-clang | 0.0.1 | 462.74 | OK | |||
r-devel-linux-x86_64-fedora-gcc | 0.0.1 | 391.52 | OK | |||
r-devel-windows-x86_64 | 0.0.1 | 181.00 | 115.00 | 296.00 | OK | |
r-patched-linux-x86_64 | 0.0.1 | 153.85 | 75.73 | 229.58 | OK | |
r-release-linux-x86_64 | 0.0.1 | 151.10 | 72.13 | 223.23 | OK | |
r-release-macos-arm64 | 0.0.1 | 86.00 | OK | |||
r-release-macos-x86_64 | 0.0.1 | 174.00 | OK | |||
r-release-windows-x86_64 | 0.0.1 | 180.00 | 131.00 | 311.00 | OK | |
r-oldrel-macos-arm64 | 0.0.1 | 86.00 | NOTE | |||
r-oldrel-macos-x86_64 | 0.0.1 | 194.00 | NOTE | |||
r-oldrel-windows-x86_64 | 0.0.1 | 215.00 | 122.00 | 337.00 | OK |
Version: 0.0.1
Check: installed package size
Result: NOTE
installed size is 8.7Mb
sub-directories of 1Mb or more:
libs 8.3Mb
Flavors: r-oldrel-macos-arm64, r-oldrel-macos-x86_64
These binaries (installable software) and packages are in development.
They may not be fully stable and should be used with caution. We make no claims about them.