Last updated on 2024-07-27 15:50:33 CEST.
Flavor | Version | Tinstall | Tcheck | Ttotal | Status | Flags |
---|---|---|---|---|---|---|
r-devel-linux-x86_64-debian-clang | 0.0.2 | 213.72 | 70.10 | 283.82 | OK | |
r-devel-linux-x86_64-debian-gcc | 0.0.2 | OK | ||||
r-devel-linux-x86_64-fedora-clang | 0.0.2 | 411.58 | OK | |||
r-devel-linux-x86_64-fedora-gcc | 0.0.2 | 467.68 | OK | |||
r-devel-windows-x86_64 | 0.0.2 | 162.00 | 97.00 | 259.00 | OK | |
r-patched-linux-x86_64 | 0.0.2 | OK | ||||
r-release-linux-x86_64 | 0.0.2 | 199.11 | 81.58 | 280.69 | OK | |
r-release-macos-arm64 | 0.0.2 | 94.00 | NOTE | |||
r-release-macos-x86_64 | 0.0.2 | 111.00 | NOTE | |||
r-release-windows-x86_64 | 0.0.2 | 175.00 | 97.00 | 272.00 | OK | |
r-oldrel-macos-arm64 | 0.0.2 | 101.00 | NOTE | |||
r-oldrel-macos-x86_64 | 0.0.2 | 112.00 | NOTE | |||
r-oldrel-windows-x86_64 | 0.0.2 | 191.00 | 119.00 | 310.00 | OK |
Version: 0.0.2
Check: installed package size
Result: NOTE
installed size is 53.6Mb
sub-directories of 1Mb or more:
libs 53.5Mb
Flavors: r-release-macos-arm64, r-release-macos-x86_64, r-oldrel-macos-arm64, r-oldrel-macos-x86_64
These binaries (installable software) and packages are in development.
They may not be fully stable and should be used with caution. We make no claims about them.