Last updated on 2025-07-27 03:50:19 CEST.
Flavor | Version | Tinstall | Tcheck | Ttotal | Status | Flags |
---|---|---|---|---|---|---|
r-devel-linux-x86_64-debian-clang | 0.0.2 | 164.82 | 55.39 | 220.21 | OK | |
r-devel-linux-x86_64-debian-gcc | 0.0.2 | 132.10 | 57.26 | 189.36 | OK | |
r-devel-linux-x86_64-fedora-clang | 0.0.2 | 369.53 | OK | |||
r-devel-linux-x86_64-fedora-gcc | 0.0.2 | 419.87 | OK | |||
r-devel-windows-x86_64 | 0.0.2 | 165.00 | 118.00 | 283.00 | OK | |
r-patched-linux-x86_64 | 0.0.2 | 185.92 | 71.45 | 257.37 | OK | |
r-release-linux-x86_64 | 0.0.2 | 180.07 | 72.01 | 252.08 | OK | |
r-release-macos-arm64 | 0.0.2 | 99.00 | OK | |||
r-release-macos-x86_64 | 0.0.2 | 135.00 | OK | |||
r-release-windows-x86_64 | 0.0.2 | 160.00 | 100.00 | 260.00 | OK | |
r-oldrel-macos-arm64 | 0.0.2 | 94.00 | NOTE | |||
r-oldrel-macos-x86_64 | 0.0.2 | 111.00 | NOTE | |||
r-oldrel-windows-x86_64 | 0.0.2 | 198.00 | 119.00 | 317.00 | OK |
Version: 0.0.2
Check: installed package size
Result: NOTE
installed size is 53.6Mb
sub-directories of 1Mb or more:
libs 53.5Mb
Flavors: r-oldrel-macos-arm64, r-oldrel-macos-x86_64
These binaries (installable software) and packages are in development.
They may not be fully stable and should be used with caution. We make no claims about them.