Last updated on 2025-02-19 06:51:01 CET.
Flavor | Version | Tinstall | Tcheck | Ttotal | Status | Flags |
---|---|---|---|---|---|---|
r-devel-linux-x86_64-debian-clang | 0.0.2 | 167.27 | 53.97 | 221.24 | OK | |
r-devel-linux-x86_64-debian-gcc | 0.0.2 | 135.02 | 55.54 | 190.56 | OK | |
r-devel-linux-x86_64-fedora-clang | 0.0.2 | 367.90 | OK | |||
r-devel-linux-x86_64-fedora-gcc | 0.0.2 | 425.28 | OK | |||
r-devel-macos-arm64 | 0.0.2 | 91.00 | OK | |||
r-devel-macos-x86_64 | 0.0.2 | 131.00 | OK | |||
r-devel-windows-x86_64 | 0.0.2 | 147.00 | 103.00 | 250.00 | OK | |
r-patched-linux-x86_64 | 0.0.2 | 175.39 | 68.79 | 244.18 | OK | |
r-release-linux-x86_64 | 0.0.2 | 177.81 | 69.76 | 247.57 | OK | |
r-release-macos-arm64 | 0.0.2 | 94.00 | NOTE | |||
r-release-macos-x86_64 | 0.0.2 | 111.00 | NOTE | |||
r-release-windows-x86_64 | 0.0.2 | 154.00 | 98.00 | 252.00 | OK | |
r-oldrel-macos-arm64 | 0.0.2 | 101.00 | NOTE | |||
r-oldrel-macos-x86_64 | 0.0.2 | 112.00 | NOTE | |||
r-oldrel-windows-x86_64 | 0.0.2 | 195.00 | 120.00 | 315.00 | OK |
Version: 0.0.2
Check: installed package size
Result: NOTE
installed size is 53.6Mb
sub-directories of 1Mb or more:
libs 53.5Mb
Flavors: r-release-macos-arm64, r-release-macos-x86_64, r-oldrel-macos-arm64, r-oldrel-macos-x86_64
These binaries (installable software) and packages are in development.
They may not be fully stable and should be used with caution. We make no claims about them.