Last updated on 2025-10-23 15:50:11 CEST.
Flavor | Version | Tinstall | Tcheck | Ttotal | Status | Flags |
---|---|---|---|---|---|---|
r-devel-linux-x86_64-debian-clang | 0.0.2 | 158.11 | 57.00 | 215.11 | OK | |
r-devel-linux-x86_64-debian-gcc | 0.0.2 | 132.98 | 57.44 | 190.42 | OK | |
r-devel-linux-x86_64-fedora-clang | 0.0.2 | 143.00 | 212.25 | 355.25 | OK | |
r-devel-linux-x86_64-fedora-gcc | 0.0.2 | 236.00 | 184.58 | 420.58 | OK | |
r-devel-windows-x86_64 | 0.0.2 | 163.00 | 100.00 | 263.00 | OK | |
r-patched-linux-x86_64 | 0.0.2 | 178.01 | 73.35 | 251.36 | OK | |
r-release-linux-x86_64 | 0.0.2 | 180.71 | 73.67 | 254.38 | OK | |
r-release-macos-arm64 | 0.0.2 | 69.00 | 30.00 | 99.00 | OK | |
r-release-macos-x86_64 | 0.0.2 | 74.00 | 61.00 | 135.00 | OK | |
r-release-windows-x86_64 | 0.0.2 | 166.00 | 104.00 | 270.00 | OK | |
r-oldrel-macos-arm64 | 0.0.2 | 66.00 | 28.00 | 94.00 | NOTE | |
r-oldrel-macos-x86_64 | 0.0.2 | 72.00 | 39.00 | 111.00 | NOTE | |
r-oldrel-windows-x86_64 | 0.0.2 | 198.00 | 118.00 | 316.00 | OK |
Version: 0.0.2
Check: installed package size
Result: NOTE
installed size is 53.6Mb
sub-directories of 1Mb or more:
libs 53.5Mb
Flavors: r-oldrel-macos-arm64, r-oldrel-macos-x86_64
These binaries (installable software) and packages are in development.
They may not be fully stable and should be used with caution. We make no claims about them.