Last updated on 2025-10-25 05:50:16 CEST.
| Flavor | Version | Tinstall | Tcheck | Ttotal | Status | Flags |
|---|---|---|---|---|---|---|
| r-devel-linux-x86_64-debian-clang | 0.0.1 | 5.40 | 53.74 | 59.14 | NOTE | |
| r-devel-linux-x86_64-debian-gcc | 0.0.1 | 4.10 | 40.46 | 44.56 | NOTE | |
| r-devel-linux-x86_64-fedora-clang | 0.0.1 | 12.00 | 75.65 | 87.65 | OK | |
| r-devel-linux-x86_64-fedora-gcc | 0.0.1 | 13.00 | 71.27 | 84.27 | OK | |
| r-devel-windows-x86_64 | 0.0.1 | 7.00 | 68.00 | 75.00 | OK | |
| r-patched-linux-x86_64 | 0.0.1 | 5.03 | 49.73 | 54.76 | OK | |
| r-release-linux-x86_64 | 0.0.1 | 5.07 | 50.51 | 55.58 | OK | |
| r-release-macos-arm64 | 0.0.1 | 2.00 | 22.00 | 24.00 | OK | |
| r-release-macos-x86_64 | 0.0.1 | 4.00 | 36.00 | 40.00 | OK | |
| r-release-windows-x86_64 | 0.0.1 | 9.00 | 69.00 | 78.00 | OK | |
| r-oldrel-macos-arm64 | 0.0.1 | 2.00 | 23.00 | 25.00 | OK | |
| r-oldrel-macos-x86_64 | 0.0.1 | 3.00 | 32.00 | 35.00 | OK | |
| r-oldrel-windows-x86_64 | 0.0.1 | 9.00 | 78.00 | 87.00 | OK |
Version: 0.0.1
Check: CRAN incoming feasibility
Result: NOTE
Maintainer: ‘Murtaza Nasir <mail@murtaza.cc>’
Package CITATION file contains call(s) to old-style citEntry(). Please
use bibentry() instead.
Flavors: r-devel-linux-x86_64-debian-clang, r-devel-linux-x86_64-debian-gcc
These binaries (installable software) and packages are in development.
They may not be fully stable and should be used with caution. We make no claims about them.