CRAN Package Check Results for Package sanzo

Last updated on 2025-10-03 07:49:55 CEST.

Flavor Version Tinstall Tcheck Ttotal Status Flags
r-devel-linux-x86_64-debian-clang 0.1.0 2.35 26.94 29.29 OK
r-devel-linux-x86_64-debian-gcc 0.1.0 1.84 21.48 23.32 OK
r-devel-linux-x86_64-fedora-clang 0.1.0 42.53 OK
r-devel-linux-x86_64-fedora-gcc 0.1.0 55.61 OK
r-devel-windows-x86_64 0.1.0 3.00 47.00 50.00 OK
r-patched-linux-x86_64 0.1.0 2.59 24.40 26.99 OK
r-release-linux-x86_64 0.1.0 2.18 24.77 26.95 OK
r-release-macos-arm64 0.1.0 24.00 OK
r-release-macos-x86_64 0.1.0 42.00 OK
r-release-windows-x86_64 0.1.0 5.00 46.00 51.00 OK
r-oldrel-macos-arm64 0.1.0 21.00 NOTE
r-oldrel-macos-x86_64 0.1.0 33.00 NOTE
r-oldrel-windows-x86_64 0.1.0 4.00 51.00 55.00 NOTE

Check Details

Version: 0.1.0
Check: LazyData
Result: NOTE 'LazyData' is specified without a 'data' directory Flavors: r-oldrel-macos-arm64, r-oldrel-macos-x86_64, r-oldrel-windows-x86_64

These binaries (installable software) and packages are in development.
They may not be fully stable and should be used with caution. We make no claims about them.