Last updated on 2025-02-02 14:48:34 CET.
Flavor | Version | Tinstall | Tcheck | Ttotal | Status | Flags |
---|---|---|---|---|---|---|
r-devel-linux-x86_64-debian-clang | 0.1.0 | 2.44 | 23.71 | 26.15 | OK | |
r-devel-linux-x86_64-debian-gcc | 0.1.0 | 1.62 | 19.08 | 20.70 | OK | |
r-devel-linux-x86_64-fedora-clang | 0.1.0 | 43.51 | OK | |||
r-devel-linux-x86_64-fedora-gcc | 0.1.0 | 54.10 | OK | |||
r-devel-windows-x86_64 | 0.1.0 | 4.00 | 47.00 | 51.00 | OK | |
r-patched-linux-x86_64 | 0.1.0 | 2.57 | 22.63 | 25.20 | NOTE | |
r-release-linux-x86_64 | 0.1.0 | 2.40 | 22.77 | 25.17 | NOTE | |
r-release-macos-arm64 | 0.1.0 | 21.00 | NOTE | |||
r-release-macos-x86_64 | 0.1.0 | 33.00 | NOTE | |||
r-release-windows-x86_64 | 0.1.0 | 3.00 | 47.00 | 50.00 | NOTE | |
r-oldrel-macos-arm64 | 0.1.0 | 23.00 | NOTE | |||
r-oldrel-macos-x86_64 | 0.1.0 | 34.00 | NOTE | |||
r-oldrel-windows-x86_64 | 0.1.0 | 3.00 | 48.00 | 51.00 | NOTE |
Version: 0.1.0
Check: LazyData
Result: NOTE
'LazyData' is specified without a 'data' directory
Flavors: r-patched-linux-x86_64, r-release-linux-x86_64, r-release-macos-arm64, r-release-macos-x86_64, r-release-windows-x86_64, r-oldrel-macos-arm64, r-oldrel-macos-x86_64, r-oldrel-windows-x86_64
These binaries (installable software) and packages are in development.
They may not be fully stable and should be used with caution. We make no claims about them.