CRAN Package Check Results for Package sapevom

Last updated on 2025-02-16 08:51:00 CET.

Flavor Version Tinstall Tcheck Ttotal Status Flags
r-devel-linux-x86_64-debian-clang 0.2.0 1.73 19.93 21.66 OK
r-devel-linux-x86_64-debian-gcc 0.2.0 1.37 15.92 17.29 OK
r-devel-linux-x86_64-fedora-clang 0.2.0 36.34 OK
r-devel-linux-x86_64-fedora-gcc 0.2.0 46.89 OK
r-devel-macos-arm64 0.2.0 19.00 OK
r-devel-macos-x86_64 0.2.0 38.00 OK
r-devel-windows-x86_64 0.2.0 2.00 41.00 43.00 OK
r-patched-linux-x86_64 0.2.0 1.63 19.27 20.90 NOTE
r-release-linux-x86_64 0.2.0 1.67 19.43 21.10 NOTE
r-release-macos-arm64 0.2.0 19.00 NOTE
r-release-macos-x86_64 0.2.0 31.00 NOTE
r-release-windows-x86_64 0.2.0 3.00 43.00 46.00 NOTE
r-oldrel-macos-arm64 0.2.0 21.00 NOTE
r-oldrel-macos-x86_64 0.2.0 30.00 NOTE
r-oldrel-windows-x86_64 0.2.0 3.00 41.00 44.00 NOTE

Check Details

Version: 0.2.0
Check: LazyData
Result: NOTE 'LazyData' is specified without a 'data' directory Flavors: r-patched-linux-x86_64, r-release-linux-x86_64, r-release-macos-arm64, r-release-macos-x86_64, r-release-windows-x86_64, r-oldrel-macos-arm64, r-oldrel-macos-x86_64, r-oldrel-windows-x86_64

These binaries (installable software) and packages are in development.
They may not be fully stable and should be used with caution. We make no claims about them.