CRAN Package Check Results for Package sapfluxnetr

Last updated on 2025-05-28 15:50:13 CEST.

Flavor Version Tinstall Tcheck Ttotal Status Flags
r-devel-linux-x86_64-debian-clang 0.1.4 10.38 208.50 218.88 NOTE
r-devel-linux-x86_64-debian-gcc 0.1.4 6.64 136.94 143.58 NOTE
r-devel-linux-x86_64-fedora-clang 0.1.4 347.23 OK
r-devel-linux-x86_64-fedora-gcc 0.1.4 348.61 OK
r-devel-windows-x86_64 0.1.4 13.00 220.00 233.00 NOTE
r-patched-linux-x86_64 0.1.4 11.06 196.49 207.55 NOTE
r-release-linux-x86_64 0.1.4 11.03 196.84 207.87 NOTE
r-release-macos-arm64 0.1.4 92.00 OK
r-release-macos-x86_64 0.1.4 204.00 OK
r-release-windows-x86_64 0.1.4 13.00 209.00 222.00 NOTE
r-oldrel-macos-arm64 0.1.4 90.00 OK
r-oldrel-macos-x86_64 0.1.4 157.00 OK
r-oldrel-windows-x86_64 0.1.4 16.00 270.00 286.00 OK

Check Details

Version: 0.1.4
Check: Rd cross-references
Result: NOTE Found the following Rd file(s) with Rd \link{} targets missing package anchors: sfn_plot.Rd: geom_point, geom_col Please provide package anchors for all Rd \link{} targets not in the package itself and the base packages. Flavors: r-devel-linux-x86_64-debian-clang, r-devel-linux-x86_64-debian-gcc, r-devel-windows-x86_64, r-patched-linux-x86_64, r-release-linux-x86_64, r-release-windows-x86_64

These binaries (installable software) and packages are in development.
They may not be fully stable and should be used with caution. We make no claims about them.