CRAN Package Check Results for Package sapfluxnetr

Last updated on 2025-07-02 01:51:50 CEST.

Flavor Version Tinstall Tcheck Ttotal Status Flags
r-devel-linux-x86_64-debian-clang 0.1.4 10.30 204.99 215.29 NOTE
r-devel-linux-x86_64-debian-gcc 0.1.4 7.06 135.41 142.47 NOTE
r-devel-linux-x86_64-fedora-clang 0.1.4 343.13 OK
r-devel-linux-x86_64-fedora-gcc 0.1.4 364.43 OK
r-devel-windows-x86_64 0.1.4 13.00 211.00 224.00 NOTE
r-patched-linux-x86_64 NOTE
r-release-linux-x86_64 0.1.4 10.31 192.91 203.22 NOTE
r-release-macos-arm64 0.1.4 92.00 OK
r-release-macos-x86_64 0.1.4 204.00 OK
r-release-windows-x86_64 0.1.4 13.00 211.00 224.00 NOTE
r-oldrel-macos-arm64 0.1.4 90.00 OK
r-oldrel-macos-x86_64 0.1.4 157.00 OK
r-oldrel-windows-x86_64 0.1.4 16.00 268.00 284.00 OK

Check Details

Version: 0.1.4
Check: Rd cross-references
Result: NOTE Found the following Rd file(s) with Rd \link{} targets missing package anchors: sfn_plot.Rd: geom_point, geom_col Please provide package anchors for all Rd \link{} targets not in the package itself and the base packages. Flavors: r-devel-linux-x86_64-debian-clang, r-devel-linux-x86_64-debian-gcc, r-devel-windows-x86_64, r-patched-linux-x86_64, r-release-linux-x86_64, r-release-windows-x86_64

These binaries (installable software) and packages are in development.
They may not be fully stable and should be used with caution. We make no claims about them.