CRAN Package Check Results for Package sapo

Last updated on 2025-10-03 11:51:00 CEST.

Flavor Version Tinstall Tcheck Ttotal Status Flags
r-devel-linux-x86_64-debian-clang 0.8.0 2.15 55.41 57.56 NOTE
r-devel-linux-x86_64-debian-gcc 0.8.0 1.76 39.54 41.30 NOTE
r-devel-linux-x86_64-fedora-clang 0.8.0 88.86 NOTE
r-devel-linux-x86_64-fedora-gcc 0.8.0 102.32 NOTE
r-devel-windows-x86_64 0.8.0 4.00 66.00 70.00 NOTE
r-patched-linux-x86_64 0.8.0 2.52 52.12 54.64 NOTE
r-release-linux-x86_64 0.8.0 2.02 51.84 53.86 NOTE
r-release-macos-arm64 0.8.0 40.00 NOTE
r-release-macos-x86_64 0.8.0 74.00 NOTE
r-release-windows-x86_64 0.8.0 5.00 68.00 73.00 NOTE
r-oldrel-macos-arm64 0.8.0 35.00 OK
r-oldrel-macos-x86_64 0.8.0 57.00 OK
r-oldrel-windows-x86_64 0.8.0 5.00 80.00 85.00 OK

Check Details

Version: 0.8.0
Check: DESCRIPTION meta-information
Result: NOTE Missing dependency on R >= 4.1.0 because package code uses the pipe |> or function shorthand \(...) syntax added in R 4.1.0. File(s) using such syntax: ‘cmc_psat.Rd’ ‘h-fun.R’ ‘mc-test.R’ ‘tshift.R’ Flavors: r-devel-linux-x86_64-debian-clang, r-devel-linux-x86_64-debian-gcc, r-devel-linux-x86_64-fedora-clang, r-devel-linux-x86_64-fedora-gcc, r-devel-windows-x86_64, r-patched-linux-x86_64, r-release-linux-x86_64, r-release-macos-arm64, r-release-macos-x86_64, r-release-windows-x86_64

These binaries (installable software) and packages are in development.
They may not be fully stable and should be used with caution. We make no claims about them.