CRAN Package Check Results for Package saqgetr

Last updated on 2025-07-23 21:51:58 CEST.

Flavor Version Tinstall Tcheck Ttotal Status Flags
r-devel-linux-x86_64-debian-clang 0.2.21 4.13 36.23 40.36 NOTE
r-devel-linux-x86_64-debian-gcc 0.2.21 2.94 28.20 31.14 NOTE
r-devel-linux-x86_64-fedora-clang 0.2.21 66.48 OK
r-devel-linux-x86_64-fedora-gcc 0.2.21 58.61 OK
r-devel-windows-x86_64 0.2.21 5.00 59.00 64.00 OK
r-patched-linux-x86_64 0.2.21 4.15 33.42 37.57 OK
r-release-linux-x86_64 0.2.21 3.96 33.61 37.57 OK
r-release-macos-arm64 0.2.21 38.00 OK
r-release-macos-x86_64 0.2.21 42.00 OK
r-release-windows-x86_64 0.2.21 5.00 63.00 68.00 OK
r-oldrel-macos-arm64 0.2.21 37.00 NOTE
r-oldrel-macos-x86_64 0.2.21 39.00 NOTE
r-oldrel-windows-x86_64 0.2.21 7.00 65.00 72.00 NOTE

Check Details

Version: 0.2.21
Check: CRAN incoming feasibility
Result: NOTE Maintainer: ‘Stuart K. Grange <stuart.grange@york.ac.uk>’ Package CITATION file contains call(s) to old-style personList() or as.personList(). Please use c() on person objects instead. Flavors: r-devel-linux-x86_64-debian-clang, r-devel-linux-x86_64-debian-gcc

Version: 0.2.21
Check: LazyData
Result: NOTE 'LazyData' is specified without a 'data' directory Flavors: r-oldrel-macos-arm64, r-oldrel-macos-x86_64, r-oldrel-windows-x86_64

These binaries (installable software) and packages are in development.
They may not be fully stable and should be used with caution. We make no claims about them.