Last updated on 2025-05-23 15:49:26 CEST.
Flavor | Version | Tinstall | Tcheck | Ttotal | Status | Flags |
---|---|---|---|---|---|---|
r-devel-linux-x86_64-debian-clang | 0.1.0 | 34.87 | 261.68 | 296.55 | OK | |
r-devel-linux-x86_64-debian-gcc | 0.1.0 | 25.91 | 186.04 | 211.95 | OK | |
r-devel-linux-x86_64-fedora-clang | 0.1.0 | 4.68 | ERROR | |||
r-devel-linux-x86_64-fedora-gcc | 0.1.0 | 387.79 | ERROR | |||
r-devel-windows-x86_64 | 0.1.0 | 22.00 | 181.00 | 203.00 | OK | |
r-patched-linux-x86_64 | 0.1.0 | 33.49 | 249.13 | 282.62 | OK | |
r-release-linux-x86_64 | 0.1.0 | 33.04 | 247.83 | 280.87 | OK | |
r-release-macos-arm64 | 0.1.0 | 222.00 | OK | |||
r-release-macos-x86_64 | 0.1.0 | 281.00 | OK | |||
r-release-windows-x86_64 | 0.1.0 | 22.00 | 377.00 | 399.00 | OK | |
r-oldrel-macos-arm64 | 0.1.0 | 216.00 | OK | |||
r-oldrel-macos-x86_64 | 0.1.0 | 207.00 | OK | |||
r-oldrel-windows-x86_64 | 0.1.0 | 23.00 | 203.00 | 226.00 | OK |
Version: 0.1.0
Check: whether package can be installed
Result: ERROR
Installation failed.
Flavor: r-devel-linux-x86_64-fedora-clang
Version: 0.1.0
Check: examples
Result: ERROR
Running examples in ‘sara4r-Ex.R’ failed
The error most likely occurred in:
> ### Name: sara4r
> ### Title: An R-GUI for Spatial Analysis of Surface Runoff using the
> ### NRCS-CN Method
> ### Aliases: sara4r
>
> ### ** Examples
>
> sara4r()
Warning in tclRequire("tooltip") : Tcl package 'tooltip' not found
Error in tk2tip(w, tip) : cannot find tcl package 'tooltip'
Calls: sara4r -> tk2button -> tk2tip
Execution halted
Flavor: r-devel-linux-x86_64-fedora-gcc
Version: 0.1.0
Check: re-building of vignette outputs
Result: ERROR
Error(s) in re-building vignettes:
--- re-building ‘howto.Rmd’ using rmarkdown
Quitting from howto.Rmd:54-56 [unnamed-chunk-3]
~~~~~~~~~~~~~~~~~~~~~~~~~~~~~~~~~~~~~~~~~~~~~~~~~~~~~~~~~~~~~~~~~~~~~~~~~~~~~~~~
<error/rlang_error>
Error in `tk2tip()`:
! cannot find tcl package 'tooltip'
---
Backtrace:
▆
1. └─sara4r::sara4r()
2. └─tcltk2::tk2button(...)
3. └─tcltk2::tk2tip(w, tip)
~~~~~~~~~~~~~~~~~~~~~~~~~~~~~~~~~~~~~~~~~~~~~~~~~~~~~~~~~~~~~~~~~~~~~~~~~~~~~~~~
Error: processing vignette 'howto.Rmd' failed with diagnostics:
cannot find tcl package 'tooltip'
--- failed re-building ‘howto.Rmd’
SUMMARY: processing the following file failed:
‘howto.Rmd’
Error: Vignette re-building failed.
Execution halted
Flavor: r-devel-linux-x86_64-fedora-gcc
These binaries (installable software) and packages are in development.
They may not be fully stable and should be used with caution. We make no claims about them.