Last updated on 2025-05-01 08:52:45 CEST.
Flavor | Version | Tinstall | Tcheck | Ttotal | Status | Flags |
---|---|---|---|---|---|---|
r-devel-linux-x86_64-debian-clang | 2.0.0 | 15.95 | 323.97 | 339.92 | NOTE | |
r-devel-linux-x86_64-debian-gcc | 2.0.0 | 10.66 | 198.76 | 209.42 | OK | |
r-devel-linux-x86_64-fedora-clang | 2.0.0 | 570.76 | OK | |||
r-devel-linux-x86_64-fedora-gcc | 2.0.0 | 540.84 | OK | |||
r-devel-windows-x86_64 | 2.0.0 | 16.00 | 295.00 | 311.00 | OK | |
r-patched-linux-x86_64 | 2.0.0 | 17.04 | 304.33 | 321.37 | OK | |
r-release-linux-x86_64 | OK | |||||
r-release-macos-arm64 | 2.0.0 | 143.00 | OK | |||
r-release-macos-x86_64 | 2.0.0 | 309.00 | OK | |||
r-release-windows-x86_64 | 2.0.0 | 16.00 | 294.00 | 310.00 | OK | |
r-oldrel-macos-arm64 | 2.0.0 | 116.00 | OK | |||
r-oldrel-macos-x86_64 | 2.0.0 | 257.00 | OK | |||
r-oldrel-windows-x86_64 | 2.0.0 | 21.00 | 386.00 | 407.00 | OK |
Version: 2.0.0
Check: examples
Result: NOTE
Examples with CPU (user + system) or elapsed time > 5s
user system elapsed
sar_average 8.466 0.067 9.593
sar_multi 5.794 0.004 6.542
sar_ratio 5.232 0.035 5.644
threshold_ci 4.891 0.052 5.184
Flavor: r-devel-linux-x86_64-debian-clang
Version: 2.0.0
Check: examples
Result: NA
user system elapsed
sar_average 4.447 0.101 6.569
OK
Flavor: r-devel-linux-x86_64-debian-gcc
These binaries (installable software) and packages are in development.
They may not be fully stable and should be used with caution. We make no claims about them.