Last updated on 2025-07-11 09:50:18 CEST.
Flavor | Version | Tinstall | Tcheck | Ttotal | Status | Flags |
---|---|---|---|---|---|---|
r-devel-linux-x86_64-debian-clang | 1.0.0 | 30.54 | 154.31 | 184.85 | NOTE | |
r-devel-linux-x86_64-debian-gcc | 1.0.0 | 21.60 | 98.14 | 119.74 | NOTE | |
r-devel-linux-x86_64-fedora-clang | 1.0.0 | 295.81 | NOTE | |||
r-devel-linux-x86_64-fedora-gcc | 1.0.0 | 285.34 | NOTE | |||
r-devel-windows-x86_64 | 1.0.0 | 37.00 | 158.00 | 195.00 | OK | |
r-patched-linux-x86_64 | 1.0.0 | 31.25 | 146.17 | 177.42 | NOTE | |
r-release-linux-x86_64 | 1.0.0 | 29.45 | 149.23 | 178.68 | NOTE | |
r-release-macos-arm64 | 1.0.0 | 75.00 | NOTE | |||
r-release-macos-x86_64 | 1.0.0 | 145.00 | NOTE | |||
r-release-windows-x86_64 | 1.0.0 | 36.00 | 157.00 | 193.00 | OK | |
r-oldrel-macos-arm64 | 1.0.0 | 66.00 | NOTE | |||
r-oldrel-macos-x86_64 | 1.0.0 | 110.00 | NOTE | |||
r-oldrel-windows-x86_64 | 1.0.0 | 47.00 | 210.00 | 257.00 | OK |
Version: 1.0.0
Check: CRAN incoming feasibility
Result: NOTE
Maintainer: ‘Fabio Centofanti <fabio.centofanti@unina.it>’
The Description field contains
method (Centofanti et al. (2021) <arXiv:2103.15224>) that aims to
Please refer to arXiv e-prints via their arXiv DOI <doi:10.48550/arXiv.YYMM.NNNNN>.
Flavors: r-devel-linux-x86_64-debian-clang, r-devel-linux-x86_64-debian-gcc
Version: 1.0.0
Check: C++ specification
Result: NOTE
Specified C++11: please drop specification unless essential
Flavors: r-devel-linux-x86_64-debian-clang, r-devel-linux-x86_64-debian-gcc, r-devel-linux-x86_64-fedora-clang, r-devel-linux-x86_64-fedora-gcc, r-patched-linux-x86_64, r-release-linux-x86_64, r-release-macos-arm64, r-release-macos-x86_64, r-oldrel-macos-arm64, r-oldrel-macos-x86_64
These binaries (installable software) and packages are in development.
They may not be fully stable and should be used with caution. We make no claims about them.