Last updated on 2025-10-23 11:50:27 CEST.
Flavor | Version | Tinstall | Tcheck | Ttotal | Status | Flags |
---|---|---|---|---|---|---|
r-devel-linux-x86_64-debian-clang | 1.2.9 | 6.81 | 93.26 | 100.07 | OK | |
r-devel-linux-x86_64-debian-gcc | 1.2.9 | 4.50 | 72.86 | 77.36 | OK | |
r-devel-linux-x86_64-fedora-clang | 1.2.9 | 16.00 | 138.27 | 154.27 | OK | |
r-devel-linux-x86_64-fedora-gcc | 1.2.9 | 14.00 | 154.77 | 168.77 | OK | |
r-devel-windows-x86_64 | 1.2.9 | 9.00 | 112.00 | 121.00 | OK | |
r-patched-linux-x86_64 | 1.2.9 | 6.28 | 89.35 | 95.63 | OK | |
r-release-linux-x86_64 | 1.2.9 | 5.92 | 88.90 | 94.82 | OK | |
r-release-macos-arm64 | 1.2.9 | 4.00 | 60.00 | 64.00 | OK | |
r-release-macos-x86_64 | 1.2.9 | 6.00 | 137.00 | 143.00 | OK | |
r-release-windows-x86_64 | 1.2.9 | 10.00 | 115.00 | 125.00 | OK | |
r-oldrel-macos-arm64 | 1.2.9 | 3.00 | 83.00 | 86.00 | NOTE | |
r-oldrel-macos-x86_64 | 1.2.9 | 6.00 | 118.00 | 124.00 | NOTE | |
r-oldrel-windows-x86_64 | 1.2.9 | 11.00 | 137.00 | 148.00 | NOTE |
Version: 1.2.9
Check: installed package size
Result: NOTE
installed size is 6.4Mb
sub-directories of 1Mb or more:
doc 5.1Mb
extdata 1.1Mb
Flavors: r-oldrel-macos-arm64, r-oldrel-macos-x86_64, r-oldrel-windows-x86_64
These binaries (installable software) and packages are in development.
They may not be fully stable and should be used with caution. We make no claims about them.