Last updated on 2024-07-27 15:50:33 CEST.
Flavor | Version | Tinstall | Tcheck | Ttotal | Status | Flags |
---|---|---|---|---|---|---|
r-devel-linux-x86_64-debian-clang | 1.2.5 | 8.65 | 112.47 | 121.12 | OK | |
r-devel-linux-x86_64-debian-gcc | 1.2.5 | OK | ||||
r-devel-linux-x86_64-fedora-clang | 1.2.5 | 163.64 | NOTE | |||
r-devel-linux-x86_64-fedora-gcc | 1.2.5 | 163.00 | OK | |||
r-devel-windows-x86_64 | 1.2.5 | 9.00 | 112.00 | 121.00 | NOTE | |
r-patched-linux-x86_64 | 1.2.5 | OK | ||||
r-release-linux-x86_64 | 1.2.5 | 5.21 | 110.30 | 115.51 | OK | |
r-release-macos-arm64 | 1.2.5 | 80.00 | NOTE | |||
r-release-macos-x86_64 | 1.2.5 | 107.00 | NOTE | |||
r-release-windows-x86_64 | 1.2.5 | 8.00 | 110.00 | 118.00 | NOTE | |
r-oldrel-macos-arm64 | 1.2.5 | 79.00 | NOTE | |||
r-oldrel-macos-x86_64 | 1.2.5 | 109.00 | NOTE | |||
r-oldrel-windows-x86_64 | 1.2.5 | 10.00 | 126.00 | 136.00 | NOTE |
Version: 1.2.5
Check: installed package size
Result: NOTE
installed size is 6.3Mb
sub-directories of 1Mb or more:
doc 5.1Mb
extdata 1.1Mb
Flavors: r-devel-linux-x86_64-fedora-clang, r-devel-windows-x86_64, r-release-macos-arm64, r-release-macos-x86_64, r-release-windows-x86_64, r-oldrel-macos-arm64, r-oldrel-macos-x86_64, r-oldrel-windows-x86_64
These binaries (installable software) and packages are in development.
They may not be fully stable and should be used with caution. We make no claims about them.