Last updated on 2025-02-19 17:51:03 CET.
Flavor | Version | Tinstall | Tcheck | Ttotal | Status | Flags |
---|---|---|---|---|---|---|
r-devel-linux-x86_64-debian-clang | 1.2.5 | 6.86 | 91.98 | 98.84 | OK | |
r-devel-linux-x86_64-debian-gcc | 1.2.5 | 5.28 | 68.60 | 73.88 | OK | |
r-devel-linux-x86_64-fedora-clang | 1.2.5 | 150.44 | OK | |||
r-devel-linux-x86_64-fedora-gcc | 1.2.5 | 167.31 | OK | |||
r-devel-macos-arm64 | 1.2.5 | 78.00 | OK | |||
r-devel-macos-x86_64 | 1.2.5 | 105.00 | OK | |||
r-devel-windows-x86_64 | 1.2.5 | 8.00 | 110.00 | 118.00 | OK | |
r-patched-linux-x86_64 | 1.2.5 | 7.23 | 86.17 | 93.40 | OK | |
r-release-linux-x86_64 | 1.2.5 | 7.03 | 86.53 | 93.56 | OK | |
r-release-macos-arm64 | 1.2.5 | 80.00 | NOTE | |||
r-release-macos-x86_64 | 1.2.5 | 107.00 | NOTE | |||
r-release-windows-x86_64 | 1.2.5 | 9.00 | 112.00 | 121.00 | NOTE | |
r-oldrel-macos-arm64 | 1.2.5 | 79.00 | NOTE | |||
r-oldrel-macos-x86_64 | 1.2.5 | 109.00 | NOTE | |||
r-oldrel-windows-x86_64 | 1.2.5 | 12.00 | 125.00 | 137.00 | NOTE |
Version: 1.2.5
Check: installed package size
Result: NOTE
installed size is 6.3Mb
sub-directories of 1Mb or more:
doc 5.1Mb
extdata 1.1Mb
Flavors: r-release-macos-arm64, r-release-macos-x86_64, r-release-windows-x86_64, r-oldrel-macos-arm64, r-oldrel-macos-x86_64, r-oldrel-windows-x86_64
These binaries (installable software) and packages are in development.
They may not be fully stable and should be used with caution. We make no claims about them.