Last updated on 2025-02-16 08:51:00 CET.
Flavor | Version | Tinstall | Tcheck | Ttotal | Status | Flags |
---|---|---|---|---|---|---|
r-devel-linux-x86_64-debian-clang | 1.0.5 | 39.69 | 348.17 | 387.86 | NOTE | |
r-devel-linux-x86_64-debian-gcc | 1.0.5 | 28.79 | 221.78 | 250.57 | NOTE | |
r-devel-linux-x86_64-fedora-clang | 1.0.5 | 639.04 | OK | |||
r-devel-linux-x86_64-fedora-gcc | 1.0.5 | 674.00 | OK | |||
r-devel-macos-arm64 | 1.0.5 | 161.00 | OK | |||
r-devel-macos-x86_64 | 1.0.5 | 423.00 | OK | |||
r-devel-windows-x86_64 | 1.0.5 | 43.00 | 297.00 | 340.00 | NOTE | |
r-patched-linux-x86_64 | 1.0.5 | 44.06 | 323.33 | 367.39 | OK | |
r-release-linux-x86_64 | 1.0.5 | 40.73 | 328.63 | 369.36 | OK | |
r-release-macos-arm64 | 1.0.5 | 159.00 | OK | |||
r-release-macos-x86_64 | 1.0.5 | 289.00 | OK | |||
r-release-windows-x86_64 | 1.0.5 | 44.00 | 292.00 | 336.00 | OK | |
r-oldrel-macos-arm64 | 1.0.5 | 167.00 | OK | |||
r-oldrel-macos-x86_64 | 1.0.5 | 542.00 | OK | |||
r-oldrel-windows-x86_64 | 1.0.5 | 58.00 | 399.00 | 457.00 | OK |
Version: 1.0.5
Check: Rd cross-references
Result: NOTE
Found the following Rd file(s) with Rd \link{} targets missing package
anchors:
alignGeometry.Rd: resample, projectRaster
calcTopoCorr.Rd: hillShade, writeRaster
crop.Rd: extent
demTools.Rd: hillShade
satellite.Rd: raster
Please provide package anchors for all Rd \link{} targets not in the
package itself and the base packages.
Flavors: r-devel-linux-x86_64-debian-clang, r-devel-linux-x86_64-debian-gcc, r-devel-windows-x86_64
These binaries (installable software) and packages are in development.
They may not be fully stable and should be used with caution. We make no claims about them.