CRAN Package Check Results for Package savonliquide

Last updated on 2025-05-07 22:48:40 CEST.

Flavor Version Tinstall Tcheck Ttotal Status Flags
r-devel-linux-x86_64-debian-clang 0.2.0 1.73 21.13 22.86 OK
r-devel-linux-x86_64-debian-gcc 0.2.0 1.50 17.40 18.90 OK
r-devel-linux-x86_64-fedora-clang 0.2.0 34.76 NOTE
r-devel-linux-x86_64-fedora-gcc 0.2.0 34.41 NOTE
r-devel-windows-x86_64 0.2.0 3.00 42.00 45.00 OK
r-patched-linux-x86_64 0.2.0 1.73 18.98 20.71 OK
r-release-linux-x86_64 0.2.0 1.26 18.83 20.09 OK
r-release-macos-arm64 0.2.0 21.00 OK
r-release-macos-x86_64 0.2.0 28.00 OK
r-release-windows-x86_64 0.2.0 3.00 43.00 46.00 OK
r-oldrel-macos-arm64 0.2.0 21.00 NOTE
r-oldrel-macos-x86_64 0.2.0 25.00 NOTE
r-oldrel-windows-x86_64 0.2.0 4.00 45.00 49.00 NOTE

Check Details

Version: 0.2.0
Check: dependencies in R code
Result: NOTE Namespace in Imports field not imported from: ‘crayon’ All declared Imports should be used. Flavors: r-devel-linux-x86_64-fedora-clang, r-devel-linux-x86_64-fedora-gcc

Version: 0.2.0
Check: LazyData
Result: NOTE 'LazyData' is specified without a 'data' directory Flavors: r-oldrel-macos-arm64, r-oldrel-macos-x86_64, r-oldrel-windows-x86_64

These binaries (installable software) and packages are in development.
They may not be fully stable and should be used with caution. We make no claims about them.