Last updated on 2025-02-23 07:52:08 CET.
Flavor | Version | Tinstall | Tcheck | Ttotal | Status | Flags |
---|---|---|---|---|---|---|
r-devel-linux-x86_64-debian-clang | 0.2.0 | 1.52 | 19.28 | 20.80 | OK | |
r-devel-linux-x86_64-debian-gcc | 0.2.0 | 1.44 | 15.56 | 17.00 | OK | |
r-devel-linux-x86_64-fedora-clang | 0.2.0 | 33.05 | NOTE | |||
r-devel-linux-x86_64-fedora-gcc | 0.2.0 | 31.95 | NOTE | |||
r-devel-macos-arm64 | 0.2.0 | 17.00 | OK | |||
r-devel-macos-x86_64 | 0.2.0 | 26.00 | OK | |||
r-devel-windows-x86_64 | 0.2.0 | 3.00 | 43.00 | 46.00 | OK | |
r-patched-linux-x86_64 | 0.2.0 | 1.87 | 18.29 | 20.16 | NOTE | |
r-release-linux-x86_64 | 0.2.0 | 1.67 | 18.52 | 20.19 | NOTE | |
r-release-macos-arm64 | 0.2.0 | 21.00 | NOTE | |||
r-release-macos-x86_64 | 0.2.0 | 25.00 | NOTE | |||
r-release-windows-x86_64 | 0.2.0 | 4.00 | 42.00 | 46.00 | NOTE | |
r-oldrel-macos-arm64 | 0.2.0 | 19.00 | NOTE | |||
r-oldrel-macos-x86_64 | 0.2.0 | 22.00 | NOTE | |||
r-oldrel-windows-x86_64 | 0.2.0 | 4.00 | 46.00 | 50.00 | NOTE |
Version: 0.2.0
Check: dependencies in R code
Result: NOTE
Namespace in Imports field not imported from: ‘crayon’
All declared Imports should be used.
Flavors: r-devel-linux-x86_64-fedora-clang, r-devel-linux-x86_64-fedora-gcc
Version: 0.2.0
Check: LazyData
Result: NOTE
'LazyData' is specified without a 'data' directory
Flavors: r-patched-linux-x86_64, r-release-linux-x86_64, r-release-macos-arm64, r-release-macos-x86_64, r-release-windows-x86_64, r-oldrel-macos-arm64, r-oldrel-macos-x86_64, r-oldrel-windows-x86_64
These binaries (installable software) and packages are in development.
They may not be fully stable and should be used with caution. We make no claims about them.