CRAN Package Check Results for Package saws

Last updated on 2025-05-01 14:49:22 CEST.

Flavor Version Tinstall Tcheck Ttotal Status Flags
r-devel-linux-x86_64-debian-clang 0.9-7.0 2.41 23.84 26.25 NOTE
r-devel-linux-x86_64-debian-gcc 0.9-7.0 1.88 19.49 21.37 NOTE
r-devel-linux-x86_64-fedora-clang 0.9-7.0 41.58 OK
r-devel-linux-x86_64-fedora-gcc 0.9-7.0 38.74 OK
r-devel-windows-x86_64 0.9-7.0 4.00 51.00 55.00 OK
r-patched-linux-x86_64 0.9-7.0 2.68 23.04 25.72 OK
r-release-linux-x86_64 OK
r-release-macos-arm64 0.9-7.0 26.00 OK
r-release-macos-x86_64 0.9-7.0 28.00 OK
r-release-windows-x86_64 0.9-7.0 5.00 52.00 57.00 OK
r-oldrel-macos-arm64 0.9-7.0 15.00 OK
r-oldrel-macos-x86_64 0.9-7.0 24.00 OK
r-oldrel-windows-x86_64 0.9-7.0 3.00 47.00 50.00 OK

Check Details

Version: 0.9-7.0
Check: CRAN incoming feasibility
Result: NOTE Maintainer: ‘Michael P. Fay <mfay@niaid.nih.gov>’ No Authors@R field in DESCRIPTION. Please add one, modifying Authors@R: person(given = c("Michael", "P."), family = "Fay", role = c("aut", "cre"), email = "mfay@niaid.nih.gov") as necessary. Package CITATION file contains call(s) to old-style personList() or as.personList(). Please use c() on person objects instead. Package CITATION file contains call(s) to old-style citEntry(). Please use bibentry() instead. Flavors: r-devel-linux-x86_64-debian-clang, r-devel-linux-x86_64-debian-gcc

These binaries (installable software) and packages are in development.
They may not be fully stable and should be used with caution. We make no claims about them.