CRAN Package Check Results for Package sazedR

Last updated on 2025-05-23 19:53:39 CEST.

Flavor Version Tinstall Tcheck Ttotal Status Flags
r-devel-linux-x86_64-debian-clang 2.0.2 3.83 37.13 40.96 NOTE
r-devel-linux-x86_64-debian-gcc 2.0.2 3.28 28.09 31.37 NOTE
r-devel-linux-x86_64-fedora-clang 2.0.2 64.25 OK
r-devel-linux-x86_64-fedora-gcc 2.0.2 59.91 OK
r-devel-windows-x86_64 2.0.2 7.00 98.00 105.00 OK
r-patched-linux-x86_64 2.0.2 4.49 34.53 39.02 OK
r-release-linux-x86_64 2.0.2 3.90 34.11 38.01 OK
r-release-macos-arm64 2.0.2 24.00 OK
r-release-macos-x86_64 2.0.2 39.00 OK
r-release-windows-x86_64 2.0.2 6.00 90.00 96.00 OK
r-oldrel-macos-arm64 2.0.2 24.00 NOTE
r-oldrel-macos-x86_64 2.0.2 33.00 NOTE
r-oldrel-windows-x86_64 2.0.2 7.00 66.00 73.00 NOTE

Check Details

Version: 2.0.2
Check: CRAN incoming feasibility
Result: NOTE Maintainer: ‘Tiago Santos <teixeiradossantos@tugraz.at>’ Package CITATION file contains call(s) to old-style citEntry(). Please use bibentry() instead. Flavors: r-devel-linux-x86_64-debian-clang, r-devel-linux-x86_64-debian-gcc

Version: 2.0.2
Check: LazyData
Result: NOTE 'LazyData' is specified without a 'data' directory Flavors: r-oldrel-macos-arm64, r-oldrel-macos-x86_64, r-oldrel-windows-x86_64

These binaries (installable software) and packages are in development.
They may not be fully stable and should be used with caution. We make no claims about them.