Last updated on 2025-10-23 17:51:01 CEST.
Flavor | Version | Tinstall | Tcheck | Ttotal | Status | Flags |
---|---|---|---|---|---|---|
r-devel-linux-x86_64-debian-clang | 2.0.2 | 4.15 | 39.87 | 44.02 | NOTE | |
r-devel-linux-x86_64-debian-gcc | 2.0.2 | 3.27 | 29.92 | 33.19 | NOTE | |
r-devel-linux-x86_64-fedora-clang | 2.0.2 | 10.00 | 53.98 | 63.98 | OK | |
r-devel-linux-x86_64-fedora-gcc | 2.0.2 | 11.00 | 48.24 | 59.24 | OK | |
r-devel-windows-x86_64 | 2.0.2 | 7.00 | 59.00 | 66.00 | OK | |
r-patched-linux-x86_64 | 2.0.2 | 4.10 | 36.08 | 40.18 | OK | |
r-release-linux-x86_64 | 2.0.2 | 3.62 | 35.76 | 39.38 | OK | |
r-release-macos-arm64 | 2.0.2 | 2.00 | 22.00 | 24.00 | OK | |
r-release-macos-x86_64 | 2.0.2 | 4.00 | 35.00 | 39.00 | OK | |
r-release-windows-x86_64 | 2.0.2 | 7.00 | 60.00 | 67.00 | OK | |
r-oldrel-macos-arm64 | 2.0.2 | 3.00 | 21.00 | 24.00 | NOTE | |
r-oldrel-macos-x86_64 | 2.0.2 | 3.00 | 30.00 | 33.00 | NOTE | |
r-oldrel-windows-x86_64 | 2.0.2 | 8.00 | 68.00 | 76.00 | NOTE |
Version: 2.0.2
Check: CRAN incoming feasibility
Result: NOTE
Maintainer: ‘Tiago Santos <teixeiradossantos@tugraz.at>’
Package CITATION file contains call(s) to old-style citEntry(). Please
use bibentry() instead.
Flavors: r-devel-linux-x86_64-debian-clang, r-devel-linux-x86_64-debian-gcc
Version: 2.0.2
Check: LazyData
Result: NOTE
'LazyData' is specified without a 'data' directory
Flavors: r-oldrel-macos-arm64, r-oldrel-macos-x86_64, r-oldrel-windows-x86_64
These binaries (installable software) and packages are in development.
They may not be fully stable and should be used with caution. We make no claims about them.