Last updated on 2025-02-21 15:52:04 CET.
Flavor | Version | Tinstall | Tcheck | Ttotal | Status | Flags |
---|---|---|---|---|---|---|
r-devel-linux-x86_64-debian-clang | 1.0-1 | 4.79 | 28.44 | 33.23 | NOTE | |
r-devel-linux-x86_64-debian-gcc | 1.0-1 | 3.33 | 22.01 | 25.34 | NOTE | |
r-devel-linux-x86_64-fedora-clang | 1.0-1 | 52.92 | OK | |||
r-devel-linux-x86_64-fedora-gcc | 1.0-1 | 52.21 | OK | |||
r-devel-macos-arm64 | 1.0-1 | 18.00 | OK | |||
r-devel-macos-x86_64 | 1.0-1 | 35.00 | OK | |||
r-devel-windows-x86_64 | 1.0-1 | 6.00 | 61.00 | 67.00 | NOTE | |
r-patched-linux-x86_64 | 1.0-1 | 6.96 | 27.62 | 34.58 | OK | |
r-release-linux-x86_64 | 1.0-1 | 4.46 | 27.91 | 32.37 | OK | |
r-release-macos-arm64 | 1.0-1 | 19.00 | OK | |||
r-release-macos-x86_64 | 1.0-1 | 29.00 | OK | |||
r-release-windows-x86_64 | 1.0-1 | 7.00 | 59.00 | 66.00 | OK | |
r-oldrel-macos-arm64 | 1.0-1 | 30.00 | OK | |||
r-oldrel-macos-x86_64 | 1.0-1 | 48.00 | OK | |||
r-oldrel-windows-x86_64 | 1.0-1 | 9.00 | 59.00 | 68.00 | OK |
Version: 1.0-1
Check: Rd cross-references
Result: NOTE
Found the following Rd file(s) with Rd \link{} targets missing package
anchors:
summary.sbde.Rd: geweke.diag
Please provide package anchors for all Rd \link{} targets not in the
package itself and the base packages.
Flavors: r-devel-linux-x86_64-debian-clang, r-devel-linux-x86_64-debian-gcc, r-devel-windows-x86_64
These binaries (installable software) and packages are in development.
They may not be fully stable and should be used with caution. We make no claims about them.