Last updated on 2025-10-24 03:50:43 CEST.
| Flavor | Version | Tinstall | Tcheck | Ttotal | Status | Flags |
|---|---|---|---|---|---|---|
| r-devel-linux-x86_64-debian-clang | 0.1.0 | 1.63 | 24.06 | 25.69 | NOTE | |
| r-devel-linux-x86_64-debian-gcc | 0.1.0 | 1.46 | 19.75 | 21.21 | NOTE | |
| r-devel-linux-x86_64-fedora-clang | 0.1.0 | 38.62 | OK | |||
| r-devel-linux-x86_64-fedora-gcc | 0.1.0 | 51.49 | OK | |||
| r-devel-windows-x86_64 | 0.1.0 | 3.00 | 43.00 | 46.00 | OK | |
| r-patched-linux-x86_64 | 0.1.0 | 1.52 | 22.42 | 23.94 | OK | |
| r-release-linux-x86_64 | 0.1.0 | 1.63 | 22.50 | 24.13 | OK | |
| r-release-macos-arm64 | 0.1.0 | 1.00 | 41.00 | 42.00 | OK | |
| r-release-macos-x86_64 | 0.1.0 | 2.00 | 54.00 | 56.00 | OK | |
| r-release-windows-x86_64 | 0.1.0 | 4.00 | 45.00 | 49.00 | OK | |
| r-oldrel-macos-arm64 | 0.1.0 | 1.00 | 20.00 | 21.00 | OK | |
| r-oldrel-macos-x86_64 | 0.1.0 | 2.00 | 34.00 | 36.00 | OK | |
| r-oldrel-windows-x86_64 | 0.1.0 | 4.00 | 50.00 | 54.00 | OK |
Version: 0.1.0
Check: CRAN incoming feasibility
Result: NOTE
Maintainer: ‘Meiyue Wang <mwang024@ucr.edu>’
No Authors@R field in DESCRIPTION.
Please add one, modifying
Authors@R: c(person(given = "Meiyue",
family = "Wang",
role = c("aut", "cre"),
email = "mwang024@ucr.edu"),
person(given = "Shizhong",
family = "Xu",
role = "aut"))
as necessary.
Flavors: r-devel-linux-x86_64-debian-clang, r-devel-linux-x86_64-debian-gcc
These binaries (installable software) and packages are in development.
They may not be fully stable and should be used with caution. We make no claims about them.