Last updated on 2025-05-01 15:49:44 CEST.
Flavor | Version | Tinstall | Tcheck | Ttotal | Status | Flags |
---|---|---|---|---|---|---|
r-devel-linux-x86_64-debian-clang | 1.3.2 | 3.32 | 42.35 | 45.67 | NOTE | |
r-devel-linux-x86_64-debian-gcc | 1.3.2 | 2.65 | 32.94 | 35.59 | NOTE | |
r-devel-linux-x86_64-fedora-clang | 1.3.2 | 71.58 | OK | |||
r-devel-linux-x86_64-fedora-gcc | 1.3.2 | 80.58 | OK | |||
r-devel-windows-x86_64 | 1.3.2 | 6.00 | 74.00 | 80.00 | OK | |
r-patched-linux-x86_64 | 1.3.2 | 4.43 | 39.55 | 43.98 | NOTE | |
r-release-linux-x86_64 | NOTE | |||||
r-release-macos-arm64 | 1.3.2 | 35.00 | OK | |||
r-release-macos-x86_64 | 1.3.2 | 62.00 | OK | |||
r-release-windows-x86_64 | 1.3.2 | 7.00 | 80.00 | 87.00 | OK | |
r-oldrel-macos-arm64 | 1.3.2 | 31.00 | OK | |||
r-oldrel-macos-x86_64 | 1.3.2 | 43.00 | OK | |||
r-oldrel-windows-x86_64 | 1.3.2 | 6.00 | 74.00 | 80.00 | OK |
Version: 1.3.2
Check: for unstated dependencies in ‘demo’
Result: NOTE
'library' or 'require' calls not declared from:
‘maps’ ‘sp’
Flavors: r-devel-linux-x86_64-debian-clang, r-devel-linux-x86_64-debian-gcc, r-patched-linux-x86_64, r-release-linux-x86_64
These binaries (installable software) and packages are in development.
They may not be fully stable and should be used with caution. We make no claims about them.