Last updated on 2025-02-19 17:51:03 CET.
Flavor | Version | Tinstall | Tcheck | Ttotal | Status | Flags |
---|---|---|---|---|---|---|
r-devel-linux-x86_64-debian-clang | 1.1.9 | 9.14 | 62.72 | 71.86 | OK | |
r-devel-linux-x86_64-debian-gcc | 1.1.9 | 7.04 | 46.06 | 53.10 | OK | |
r-devel-linux-x86_64-fedora-clang | 1.1.9 | 110.44 | OK | |||
r-devel-linux-x86_64-fedora-gcc | 1.1.9 | 105.99 | OK | |||
r-devel-macos-arm64 | 1.1.9 | 35.00 | OK | |||
r-devel-macos-x86_64 | 1.1.9 | 60.00 | OK | |||
r-devel-windows-x86_64 | 1.1.9 | 9.00 | 79.00 | 88.00 | OK | |
r-patched-linux-x86_64 | 1.1.9 | 7.96 | 57.94 | 65.90 | NOTE | |
r-release-linux-x86_64 | 1.1.9 | 8.48 | 59.54 | 68.02 | NOTE | |
r-release-macos-arm64 | 1.1.9 | 35.00 | NOTE | |||
r-release-macos-x86_64 | 1.1.9 | 109.00 | NOTE | |||
r-release-windows-x86_64 | 1.1.9 | 9.00 | 85.00 | 94.00 | NOTE | |
r-oldrel-macos-arm64 | 1.1.9 | 44.00 | NOTE | |||
r-oldrel-macos-x86_64 | 1.1.9 | 162.00 | NOTE | |||
r-oldrel-windows-x86_64 | 1.1.9 | 12.00 | 93.00 | 105.00 | NOTE |
Version: 1.1.9
Check: package dependencies
Result: NOTE
Packages which this enhances but not available for checking:
'gurobi', 'pogs'
Flavors: r-patched-linux-x86_64, r-release-linux-x86_64
Version: 1.1.9
Check: package dependencies
Result: NOTE
Packages which this enhances but not available for checking:
'gurobi', 'Rcplex', 'pogs'
Flavors: r-release-macos-arm64, r-release-macos-x86_64, r-release-windows-x86_64, r-oldrel-macos-arm64, r-oldrel-macos-x86_64, r-oldrel-windows-x86_64
These binaries (installable software) and packages are in development.
They may not be fully stable and should be used with caution. We make no claims about them.