Last updated on 2025-07-02 03:50:52 CEST.
Flavor | Version | Tinstall | Tcheck | Ttotal | Status | Flags |
---|---|---|---|---|---|---|
r-devel-linux-x86_64-debian-clang | 1.1.9 | 9.29 | 63.59 | 72.88 | OK | |
r-devel-linux-x86_64-debian-gcc | 1.1.9 | 6.35 | 47.35 | 53.70 | OK | |
r-devel-linux-x86_64-fedora-clang | 1.1.9 | 109.80 | OK | |||
r-devel-linux-x86_64-fedora-gcc | 1.1.9 | 111.77 | OK | |||
r-devel-windows-x86_64 | 1.1.9 | 10.00 | 77.00 | 87.00 | OK | |
r-patched-linux-x86_64 | OK | |||||
r-release-linux-x86_64 | 1.1.9 | 9.03 | 60.27 | 69.30 | OK | |
r-release-macos-arm64 | 1.1.9 | 36.00 | OK | |||
r-release-macos-x86_64 | 1.1.9 | 68.00 | OK | |||
r-release-windows-x86_64 | 1.1.9 | 10.00 | 78.00 | 88.00 | OK | |
r-oldrel-macos-arm64 | 1.1.9 | 35.00 | NOTE | |||
r-oldrel-macos-x86_64 | 1.1.9 | 109.00 | NOTE | |||
r-oldrel-windows-x86_64 | 1.1.9 | 12.00 | 94.00 | 106.00 | NOTE |
Version: 1.1.9
Check: package dependencies
Result: NOTE
Packages which this enhances but not available for checking:
'gurobi', 'Rcplex', 'pogs'
Flavors: r-oldrel-macos-arm64, r-oldrel-macos-x86_64, r-oldrel-windows-x86_64
These binaries (installable software) and packages are in development.
They may not be fully stable and should be used with caution. We make no claims about them.