Last updated on 2025-05-08 04:52:18 CEST.
Flavor | Version | Tinstall | Tcheck | Ttotal | Status | Flags |
---|---|---|---|---|---|---|
r-devel-linux-x86_64-debian-clang | 1.1.9 | 8.29 | 63.29 | 71.58 | OK | |
r-devel-linux-x86_64-debian-gcc | 1.1.9 | 6.99 | 45.57 | 52.56 | OK | |
r-devel-linux-x86_64-fedora-clang | 1.1.9 | 114.18 | OK | |||
r-devel-linux-x86_64-fedora-gcc | 1.1.9 | 111.09 | OK | |||
r-devel-windows-x86_64 | 1.1.9 | 9.00 | 76.00 | 85.00 | OK | |
r-patched-linux-x86_64 | 1.1.9 | 7.82 | 59.61 | 67.43 | OK | |
r-release-linux-x86_64 | 1.1.9 | 8.14 | 60.00 | 68.14 | OK | |
r-release-macos-arm64 | 1.1.9 | 36.00 | OK | |||
r-release-macos-x86_64 | 1.1.9 | 68.00 | OK | |||
r-release-windows-x86_64 | 1.1.9 | 9.00 | 82.00 | 91.00 | OK | |
r-oldrel-macos-arm64 | 1.1.9 | 35.00 | NOTE | |||
r-oldrel-macos-x86_64 | 1.1.9 | 109.00 | NOTE | |||
r-oldrel-windows-x86_64 | 1.1.9 | 12.00 | 91.00 | 103.00 | NOTE |
Version: 1.1.9
Check: package dependencies
Result: NOTE
Packages which this enhances but not available for checking:
'gurobi', 'Rcplex', 'pogs'
Flavors: r-oldrel-macos-arm64, r-oldrel-macos-x86_64, r-oldrel-windows-x86_64
These binaries (installable software) and packages are in development.
They may not be fully stable and should be used with caution. We make no claims about them.