Last updated on 2025-05-01 08:52:45 CEST.
Flavor | Version | Tinstall | Tcheck | Ttotal | Status | Flags |
---|---|---|---|---|---|---|
r-devel-linux-x86_64-debian-clang | 0.1.6 | 2.16 | 40.13 | 42.29 | NOTE | |
r-devel-linux-x86_64-debian-gcc | 0.1.6 | 2.16 | 27.99 | 30.15 | NOTE | |
r-devel-linux-x86_64-fedora-clang | 0.1.6 | 71.32 | OK | |||
r-devel-linux-x86_64-fedora-gcc | 0.1.6 | 64.56 | OK | |||
r-devel-windows-x86_64 | 0.1.6 | 4.00 | 60.00 | 64.00 | OK | |
r-patched-linux-x86_64 | 0.1.6 | 2.77 | 37.74 | 40.51 | OK | |
r-release-linux-x86_64 | OK | |||||
r-release-macos-arm64 | 0.1.6 | 25.00 | OK | |||
r-release-macos-x86_64 | 0.1.6 | 56.00 | OK | |||
r-release-windows-x86_64 | 0.1.6 | 4.00 | 63.00 | 67.00 | OK | |
r-oldrel-macos-arm64 | 0.1.6 | 24.00 | OK | |||
r-oldrel-macos-x86_64 | 0.1.6 | 41.00 | OK | |||
r-oldrel-windows-x86_64 | 0.1.6 | 5.00 | 67.00 | 72.00 | OK |
Version: 0.1.6
Check: CRAN incoming feasibility
Result: NOTE
Maintainer: ‘Amit Frishberg <amfrishberg@gmail.com>’
No Authors@R field in DESCRIPTION.
Please add one, modifying
Authors@R: c(person(given = "Amit",
family = "Frishberg",
role = c("aut", "cre"),
email = "amfrishberg@gmail.com"),
person(given = "Naama",
family = "Peshes-Yaloz",
role = "aut"),
person(given = "Irit",
family = "Gat-Viks",
role = "aut"))
as necessary.
Package CITATION file contains call(s) to old-style citEntry(). Please
use bibentry() instead.
Flavors: r-devel-linux-x86_64-debian-clang, r-devel-linux-x86_64-debian-gcc
Version: 0.1.6
Check: examples
Result: NOTE
Examples with CPU (user + system) or elapsed time > 5s
user system elapsed
CPM 10.08 0.326 16.25
Flavor: r-devel-linux-x86_64-debian-clang
Version: 0.1.6
Check: examples
Result: NA
user system elapsed
CPM 5.742 0.255 11.983
OK
Flavor: r-devel-linux-x86_64-debian-gcc
These binaries (installable software) and packages are in development.
They may not be fully stable and should be used with caution. We make no claims about them.