Last updated on 2025-05-28 21:50:22 CEST.
Flavor | Version | Tinstall | Tcheck | Ttotal | Status | Flags |
---|---|---|---|---|---|---|
r-devel-linux-x86_64-debian-clang | 0.1.1 | 11.15 | 133.90 | 145.05 | OK | |
r-devel-linux-x86_64-debian-gcc | 0.1.1 | 7.02 | 96.14 | 103.16 | OK | |
r-devel-linux-x86_64-fedora-clang | 0.1.1 | 230.06 | OK | |||
r-devel-linux-x86_64-fedora-gcc | 0.1.1 | 234.09 | OK | |||
r-devel-windows-x86_64 | 0.1.1 | 12.00 | 142.00 | 154.00 | OK | |
r-patched-linux-x86_64 | 0.1.1 | 9.50 | 128.00 | 137.50 | OK | |
r-release-linux-x86_64 | 0.1.1 | 10.08 | 126.45 | 136.53 | OK | |
r-release-macos-arm64 | 0.1.1 | 65.00 | OK | |||
r-release-macos-x86_64 | 0.1.1 | 164.00 | OK | |||
r-release-windows-x86_64 | 0.1.1 | 11.00 | 144.00 | 155.00 | OK | |
r-oldrel-macos-arm64 | 0.1.1 | 61.00 | NOTE | |||
r-oldrel-macos-x86_64 | 0.1.1 | 91.00 | NOTE | |||
r-oldrel-windows-x86_64 | 0.1.1 | 15.00 | 179.00 | 194.00 | NOTE |
Version: 0.1.1
Check: LazyData
Result: NOTE
'LazyData' is specified without a 'data' directory
Flavors: r-oldrel-macos-arm64, r-oldrel-macos-x86_64, r-oldrel-windows-x86_64
These binaries (installable software) and packages are in development.
They may not be fully stable and should be used with caution. We make no claims about them.