Last updated on 2025-05-02 04:49:47 CEST.
Flavor | Version | Tinstall | Tcheck | Ttotal | Status | Flags |
---|---|---|---|---|---|---|
r-devel-linux-x86_64-debian-clang | 1.0.0 | 31.04 | 745.62 | 776.66 | OK | |
r-devel-linux-x86_64-debian-gcc | 1.0.0 | 23.39 | 642.79 | 666.18 | OK | |
r-devel-linux-x86_64-fedora-clang | 1.0.0 | 1373.43 | OK | |||
r-devel-linux-x86_64-fedora-gcc | 1.0.0 | 1218.04 | OK | |||
r-devel-windows-x86_64 | 1.0.0 | 33.00 | 488.00 | 521.00 | OK | |
r-patched-linux-x86_64 | 1.0.0 | 32.96 | 1077.38 | 1110.34 | OK | |
r-release-linux-x86_64 | OK | |||||
r-release-macos-arm64 | 1.0.0 | 320.00 | OK | |||
r-release-macos-x86_64 | 1.0.0 | 613.00 | OK | |||
r-release-windows-x86_64 | 1.0.0 | 33.00 | 480.00 | 513.00 | OK | |
r-oldrel-macos-arm64 | 1.0.0 | 227.00 | NOTE | |||
r-oldrel-macos-x86_64 | 1.0.0 | 373.00 | OK | |||
r-oldrel-windows-x86_64 | 1.0.0 | 45.00 | 610.00 | 655.00 | OK |
Version: 1.0.0
Check: package dependencies
Result: NOTE
Package suggested but not available for checking: ‘SingleCellSignalR’
Flavor: r-oldrel-macos-arm64
These binaries (installable software) and packages are in development.
They may not be fully stable and should be used with caution. We make no claims about them.