CRAN Package Check Results for Package scDiffCom

Last updated on 2025-07-25 01:49:39 CEST.

Flavor Version Tinstall Tcheck Ttotal Status Flags
r-devel-linux-x86_64-debian-clang 1.0.0 34.36 745.29 779.65 OK
r-devel-linux-x86_64-debian-gcc 1.0.0 22.49 693.27 715.76 OK
r-devel-linux-x86_64-fedora-clang 1.0.0 1196.40 OK
r-devel-linux-x86_64-fedora-gcc 1.0.0 1813.17 OK
r-devel-windows-x86_64 1.0.0 32.00 473.00 505.00 OK
r-patched-linux-x86_64 1.0.0 27.78 1105.16 1132.94 OK
r-release-linux-x86_64 1.0.0 27.04 1091.21 1118.25 OK
r-release-macos-arm64 1.0.0 320.00 OK
r-release-macos-x86_64 1.0.0 613.00 OK
r-release-windows-x86_64 1.0.0 34.00 466.00 500.00 OK
r-oldrel-macos-arm64 1.0.0 227.00 NOTE
r-oldrel-macos-x86_64 1.0.0 373.00 OK
r-oldrel-windows-x86_64 1.0.0 45.00 611.00 656.00 OK

Additional issues

noSuggests

Check Details

Version: 1.0.0
Check: package dependencies
Result: NOTE Package suggested but not available for checking: ‘SingleCellSignalR’ Flavor: r-oldrel-macos-arm64

These binaries (installable software) and packages are in development.
They may not be fully stable and should be used with caution. We make no claims about them.