Last updated on 2024-07-27 15:50:33 CEST.
Flavor | Version | Tinstall | Tcheck | Ttotal | Status | Flags |
---|---|---|---|---|---|---|
r-devel-linux-x86_64-debian-clang | 1.6.2 | 75.76 | 506.16 | 581.92 | OK | |
r-devel-linux-x86_64-debian-gcc | 1.6.2 | OK | ||||
r-devel-linux-x86_64-fedora-clang | 1.6.2 | 768.78 | OK | |||
r-devel-linux-x86_64-fedora-gcc | 1.6.2 | 690.78 | OK | |||
r-devel-windows-x86_64 | 1.6.2 | 53.00 | 328.00 | 381.00 | OK | |
r-patched-linux-x86_64 | 1.6.2 | OK | ||||
r-release-linux-x86_64 | 1.6.2 | 40.55 | 480.42 | 520.97 | OK | |
r-release-macos-arm64 | 1.6.2 | 189.00 | OK | |||
r-release-macos-x86_64 | 1.6.2 | 279.00 | OK | |||
r-release-windows-x86_64 | 1.6.2 | 53.00 | 332.00 | 385.00 | OK | |
r-oldrel-macos-arm64 | 1.6.2 | 10.00 | ERROR | |||
r-oldrel-macos-x86_64 | 1.6.2 | 12.00 | ERROR | |||
r-oldrel-windows-x86_64 | 1.6.2 | 77.00 | 447.00 | 524.00 | OK |
Version: 1.6.2
Check: package dependencies
Result: ERROR
Package required and available but unsuitable version: ‘UCell’
See section ‘The DESCRIPTION file’ in the ‘Writing R Extensions’
manual.
Flavors: r-oldrel-macos-arm64, r-oldrel-macos-x86_64
These binaries (installable software) and packages are in development.
They may not be fully stable and should be used with caution. We make no claims about them.