Last updated on 2025-02-19 17:51:04 CET.
Flavor | Version | Tinstall | Tcheck | Ttotal | Status | Flags |
---|---|---|---|---|---|---|
r-devel-linux-x86_64-debian-clang | 0.1.4 | 48.79 | 32.79 | 81.58 | NOTE | |
r-devel-linux-x86_64-debian-gcc | 0.1.4 | 31.25 | 24.92 | 56.17 | NOTE | |
r-devel-linux-x86_64-fedora-clang | 0.1.4 | 134.90 | NOTE | |||
r-devel-linux-x86_64-fedora-gcc | 0.1.4 | 136.93 | NOTE | |||
r-devel-macos-arm64 | 0.1.4 | 35.00 | NOTE | |||
r-devel-macos-x86_64 | 0.1.4 | 57.00 | NOTE | |||
r-devel-windows-x86_64 | 0.1.4 | 45.00 | 70.00 | 115.00 | NOTE | |
r-patched-linux-x86_64 | 0.1.4 | 43.83 | 30.52 | 74.35 | NOTE | |
r-release-linux-x86_64 | 0.1.4 | 45.61 | 30.02 | 75.63 | NOTE | |
r-release-macos-arm64 | 0.1.4 | 39.00 | NOTE | |||
r-release-macos-x86_64 | 0.1.4 | 46.00 | NOTE | |||
r-release-windows-x86_64 | 0.1.4 | 47.00 | 67.00 | 114.00 | NOTE | |
r-oldrel-macos-arm64 | 0.1.4 | 41.00 | NOTE | |||
r-oldrel-macos-x86_64 | 0.1.4 | 60.00 | NOTE | |||
r-oldrel-windows-x86_64 | 0.1.4 | 58.00 | 79.00 | 137.00 | NOTE |
Version: 0.1.4
Check: C++ specification
Result: NOTE
Specified C++11: please drop specification unless essential
Flavors: r-devel-linux-x86_64-debian-clang, r-devel-linux-x86_64-debian-gcc, r-devel-linux-x86_64-fedora-clang, r-devel-linux-x86_64-fedora-gcc, r-devel-macos-arm64, r-devel-macos-x86_64, r-devel-windows-x86_64, r-patched-linux-x86_64, r-release-linux-x86_64, r-release-macos-arm64, r-release-macos-x86_64, r-release-windows-x86_64, r-oldrel-macos-arm64, r-oldrel-macos-x86_64, r-oldrel-windows-x86_64
These binaries (installable software) and packages are in development.
They may not be fully stable and should be used with caution. We make no claims about them.