Last updated on 2025-02-16 08:51:00 CET.
Flavor | Version | Tinstall | Tcheck | Ttotal | Status | Flags |
---|---|---|---|---|---|---|
r-devel-linux-x86_64-debian-clang | 0.1.1 | 8.06 | 60.52 | 68.58 | OK | |
r-devel-linux-x86_64-debian-gcc | 0.1.1 | 5.33 | 46.22 | 51.55 | OK | |
r-devel-linux-x86_64-fedora-clang | 0.1.1 | 109.21 | NOTE | |||
r-devel-linux-x86_64-fedora-gcc | 0.1.1 | 117.02 | NOTE | |||
r-devel-macos-arm64 | 0.1.1 | 37.00 | OK | |||
r-devel-macos-x86_64 | 0.1.1 | 74.00 | OK | |||
r-devel-windows-x86_64 | 0.1.1 | 8.00 | 72.00 | 80.00 | OK | |
r-patched-linux-x86_64 | 0.1.1 | 7.30 | 56.99 | 64.29 | OK | |
r-release-linux-x86_64 | 0.1.1 | 6.29 | 57.33 | 63.62 | OK | |
r-release-macos-arm64 | 0.1.1 | 39.00 | OK | |||
r-release-macos-x86_64 | 0.1.1 | 67.00 | OK | |||
r-release-windows-x86_64 | 0.1.1 | 8.00 | 74.00 | 82.00 | OK | |
r-oldrel-macos-arm64 | 0.1.1 | 45.00 | OK | |||
r-oldrel-macos-x86_64 | 0.1.1 | 70.00 | OK | |||
r-oldrel-windows-x86_64 | 0.1.1 | 11.00 | 84.00 | 95.00 | OK |
Version: 0.1.1
Check: dependencies in R code
Result: NOTE
Namespace in Imports field not imported from: ‘markdown’
All declared Imports should be used.
Flavors: r-devel-linux-x86_64-fedora-clang, r-devel-linux-x86_64-fedora-gcc
These binaries (installable software) and packages are in development.
They may not be fully stable and should be used with caution. We make no claims about them.