Last updated on 2024-07-27 15:50:33 CEST.
Flavor | Version | Tinstall | Tcheck | Ttotal | Status | Flags |
---|---|---|---|---|---|---|
r-devel-linux-x86_64-debian-clang | 1.0.4 | 70.46 | 271.80 | 342.26 | OK | |
r-devel-linux-x86_64-debian-gcc | 1.0.4 | OK | ||||
r-devel-linux-x86_64-fedora-clang | 1.0.4 | 464.16 | NOTE | |||
r-devel-linux-x86_64-fedora-gcc | 1.0.4 | 433.18 | NOTE | |||
r-devel-windows-x86_64 | 1.0.4 | 58.00 | 231.00 | 289.00 | OK | |
r-patched-linux-x86_64 | 1.0.4 | OK | ||||
r-release-linux-x86_64 | 1.0.4 | 55.10 | 263.81 | 318.91 | OK | |
r-release-macos-arm64 | 1.0.4 | 109.00 | OK | |||
r-release-macos-x86_64 | 1.0.4 | 154.00 | OK | |||
r-release-windows-x86_64 | 1.0.4 | 66.00 | 228.00 | 294.00 | OK | |
r-oldrel-macos-arm64 | 1.0.4 | 126.00 | NOTE | |||
r-oldrel-macos-x86_64 | 1.0.4 | 202.00 | NOTE | |||
r-oldrel-windows-x86_64 | 1.0.4 | 73.00 | 289.00 | 362.00 | OK |
Version: 1.0.4
Check: package dependencies
Result: NOTE
Packages suggested but not available for checking:
'simplifyEnrichment', 'conos', 'pagoda2'
Flavor: r-devel-linux-x86_64-fedora-clang
Version: 1.0.4
Check: package dependencies
Result: NOTE
Packages suggested but not available for checking: 'conos', 'pagoda2'
Flavor: r-devel-linux-x86_64-fedora-gcc
Version: 1.0.4
Check: package dependencies
Result: NOTE
Package suggested but not available for checking: ‘simplifyEnrichment’
Flavors: r-oldrel-macos-arm64, r-oldrel-macos-x86_64
These binaries (installable software) and packages are in development.
They may not be fully stable and should be used with caution. We make no claims about them.