Last updated on 2025-02-16 08:51:00 CET.
Flavor | Version | Tinstall | Tcheck | Ttotal | Status | Flags |
---|---|---|---|---|---|---|
r-devel-linux-x86_64-debian-clang | 1.0.4 | 54.46 | 217.21 | 271.67 | OK | |
r-devel-linux-x86_64-debian-gcc | 1.0.4 | 38.84 | 149.80 | 188.64 | OK | |
r-devel-linux-x86_64-fedora-clang | 1.0.4 | 453.49 | OK | |||
r-devel-linux-x86_64-fedora-gcc | 1.0.4 | 423.81 | OK | |||
r-devel-macos-arm64 | 1.0.4 | 117.00 | OK | |||
r-devel-macos-x86_64 | 1.0.4 | 194.00 | OK | |||
r-devel-windows-x86_64 | 1.0.4 | 56.00 | 227.00 | 283.00 | OK | |
r-patched-linux-x86_64 | 1.0.4 | 47.92 | 200.94 | 248.86 | OK | |
r-release-linux-x86_64 | 1.0.4 | 48.46 | 200.66 | 249.12 | OK | |
r-release-macos-arm64 | 1.0.4 | 109.00 | OK | |||
r-release-macos-x86_64 | 1.0.4 | 154.00 | OK | |||
r-release-windows-x86_64 | 1.0.4 | 56.00 | 229.00 | 285.00 | OK | |
r-oldrel-macos-arm64 | 1.0.4 | 126.00 | NOTE | |||
r-oldrel-macos-x86_64 | 1.0.4 | 202.00 | NOTE | |||
r-oldrel-windows-x86_64 | 1.0.4 | 70.00 | 281.00 | 351.00 | OK |
Version: 1.0.4
Check: package dependencies
Result: NOTE
Package suggested but not available for checking: ‘simplifyEnrichment’
Flavors: r-oldrel-macos-arm64, r-oldrel-macos-x86_64
These binaries (installable software) and packages are in development.
They may not be fully stable and should be used with caution. We make no claims about them.