CRAN Package Check Results for Package scLink

Last updated on 2025-05-02 04:49:47 CEST.

Flavor Version Tinstall Tcheck Ttotal Status Flags
r-devel-linux-x86_64-debian-clang 1.0.1 2.49 39.25 41.74 OK
r-devel-linux-x86_64-debian-gcc 1.0.1 1.81 31.22 33.03 OK
r-devel-linux-x86_64-fedora-clang 1.0.1 65.05 OK
r-devel-linux-x86_64-fedora-gcc 1.0.1 79.13 OK
r-devel-windows-x86_64 1.0.1 3.00 66.00 69.00 OK
r-patched-linux-x86_64 1.0.1 2.32 39.01 41.33 OK
r-release-linux-x86_64 OK
r-release-macos-arm64 1.0.1 80.00 OK
r-release-macos-x86_64 1.0.1 79.00 OK
r-release-windows-x86_64 1.0.1 4.00 72.00 76.00 OK
r-oldrel-macos-arm64 1.0.1 33.00 NOTE
r-oldrel-macos-x86_64 1.0.1 53.00 NOTE
r-oldrel-windows-x86_64 1.0.1 3.00 71.00 74.00 NOTE

Check Details

Version: 1.0.1
Check: LazyData
Result: NOTE 'LazyData' is specified without a 'data' directory Flavors: r-oldrel-macos-arm64, r-oldrel-macos-x86_64, r-oldrel-windows-x86_64

These binaries (installable software) and packages are in development.
They may not be fully stable and should be used with caution. We make no claims about them.