Last updated on 2025-02-16 08:51:00 CET.
Flavor | Version | Tinstall | Tcheck | Ttotal | Status | Flags |
---|---|---|---|---|---|---|
r-devel-linux-x86_64-debian-clang | 1.0.11 | 67.60 | 563.66 | 631.26 | OK | |
r-devel-linux-x86_64-debian-gcc | 1.0.11 | 50.13 | 392.93 | 443.06 | OK | |
r-devel-linux-x86_64-fedora-clang | 1.0.11 | 1104.24 | OK | |||
r-devel-linux-x86_64-fedora-gcc | 1.0.11 | 711.75 | OK | |||
r-devel-macos-arm64 | 1.0.11 | 263.00 | OK | |||
r-devel-macos-x86_64 | 1.0.11 | 480.00 | OK | |||
r-devel-windows-x86_64 | 1.0.11 | 65.00 | 482.00 | 547.00 | OK | |
r-patched-linux-x86_64 | 1.0.11 | 57.55 | 507.56 | 565.11 | OK | |
r-release-linux-x86_64 | 1.0.11 | 58.04 | 497.63 | 555.67 | OK | |
r-release-macos-arm64 | 1.0.11 | 257.00 | OK | |||
r-release-macos-x86_64 | 1.0.11 | 379.00 | OK | |||
r-release-windows-x86_64 | 1.0.11 | 63.00 | 479.00 | 542.00 | OK | |
r-oldrel-macos-arm64 | 1.0.11 | 10.00 | ERROR | |||
r-oldrel-macos-x86_64 | 1.0.11 | 11.00 | ERROR | |||
r-oldrel-windows-x86_64 | 1.0.11 | 88.00 | 695.00 | 783.00 | OK |
Version: 1.0.11
Check: package dependencies
Result: ERROR
Package required but not available: ‘GSVA’
See section ‘The DESCRIPTION file’ in the ‘Writing R Extensions’
manual.
Flavors: r-oldrel-macos-arm64, r-oldrel-macos-x86_64
These binaries (installable software) and packages are in development.
They may not be fully stable and should be used with caution. We make no claims about them.