Last updated on 2025-05-08 04:52:18 CEST.
Flavor | Version | Tinstall | Tcheck | Ttotal | Status | Flags |
---|---|---|---|---|---|---|
r-devel-linux-x86_64-debian-clang | 1.0.4 | 23.34 | 95.23 | 118.57 | NOTE | |
r-devel-linux-x86_64-debian-gcc | 1.0.4 | 17.09 | 69.41 | 86.50 | NOTE | |
r-devel-linux-x86_64-fedora-clang | 1.0.4 | 201.69 | NOTE | |||
r-devel-linux-x86_64-fedora-gcc | 1.0.4 | 203.25 | NOTE | |||
r-devel-windows-x86_64 | 1.0.4 | 26.00 | 151.00 | 177.00 | NOTE | |
r-patched-linux-x86_64 | 1.0.4 | 24.27 | 91.87 | 116.14 | NOTE | |
r-release-linux-x86_64 | 1.0.4 | 22.94 | 94.11 | 117.05 | NOTE | |
r-release-macos-arm64 | 1.0.4 | 59.00 | NOTE | |||
r-release-macos-x86_64 | 1.0.4 | 123.00 | NOTE | |||
r-release-windows-x86_64 | 1.0.4 | 27.00 | 155.00 | 182.00 | NOTE | |
r-oldrel-macos-arm64 | 1.0.4 | 62.00 | NOTE | |||
r-oldrel-macos-x86_64 | 1.0.4 | 103.00 | NOTE | |||
r-oldrel-windows-x86_64 | 1.0.4 | 27.00 | 195.00 | 222.00 | NOTE |
Version: 1.0.4
Check: C++ specification
Result: NOTE
Specified C++11: please drop specification unless essential
Flavors: r-devel-linux-x86_64-debian-clang, r-devel-linux-x86_64-debian-gcc, r-devel-linux-x86_64-fedora-clang, r-devel-linux-x86_64-fedora-gcc, r-devel-windows-x86_64, r-patched-linux-x86_64, r-release-linux-x86_64, r-release-macos-arm64, r-release-macos-x86_64, r-release-windows-x86_64, r-oldrel-macos-arm64, r-oldrel-macos-x86_64, r-oldrel-windows-x86_64
These binaries (installable software) and packages are in development.
They may not be fully stable and should be used with caution. We make no claims about them.