Last updated on 2025-11-12 18:50:45 CET.
| Flavor | Version | Tinstall | Tcheck | Ttotal | Status | Flags |
|---|---|---|---|---|---|---|
| r-devel-linux-x86_64-debian-clang | 1.0.4 | 23.07 | 98.80 | 121.87 | NOTE | |
| r-devel-linux-x86_64-debian-gcc | 1.0.4 | 16.27 | 69.14 | 85.41 | NOTE | |
| r-devel-linux-x86_64-fedora-clang | 1.0.4 | 55.00 | 145.62 | 200.62 | NOTE | |
| r-devel-linux-x86_64-fedora-gcc | 1.0.4 | 57.00 | 133.88 | 190.88 | NOTE | |
| r-devel-windows-x86_64 | 1.0.4 | 26.00 | 151.00 | 177.00 | NOTE | |
| r-patched-linux-x86_64 | 1.0.4 | 24.35 | 96.16 | 120.51 | NOTE | |
| r-release-linux-x86_64 | 1.0.4 | 23.94 | 96.54 | 120.48 | NOTE | |
| r-release-macos-arm64 | 1.0.4 | 10.00 | 49.00 | 59.00 | NOTE | |
| r-release-macos-x86_64 | 1.0.4 | 14.00 | 109.00 | 123.00 | NOTE | |
| r-release-windows-x86_64 | 1.0.4 | 27.00 | 146.00 | 173.00 | NOTE | |
| r-oldrel-macos-arm64 | 1.0.4 | 12.00 | 50.00 | 62.00 | NOTE | |
| r-oldrel-macos-x86_64 | 1.0.4 | 10.00 | 93.00 | 103.00 | NOTE | |
| r-oldrel-windows-x86_64 | 1.0.4 | 28.00 | 196.00 | 224.00 | NOTE |
Version: 1.0.4
Check: C++ specification
Result: NOTE
Specified C++11: please drop specification unless essential
Flavors: r-devel-linux-x86_64-debian-clang, r-devel-linux-x86_64-debian-gcc, r-devel-linux-x86_64-fedora-clang, r-devel-linux-x86_64-fedora-gcc, r-devel-windows-x86_64, r-patched-linux-x86_64, r-release-linux-x86_64, r-release-macos-arm64, r-release-macos-x86_64, r-release-windows-x86_64, r-oldrel-macos-arm64, r-oldrel-macos-x86_64, r-oldrel-windows-x86_64
These binaries (installable software) and packages are in development.
They may not be fully stable and should be used with caution. We make no claims about them.