Last updated on 2025-02-19 17:51:04 CET.
Flavor | Version | Tinstall | Tcheck | Ttotal | Status | Flags |
---|---|---|---|---|---|---|
r-devel-linux-x86_64-debian-clang | 0.1.1 | 5.13 | 45.55 | 50.68 | OK | |
r-devel-linux-x86_64-debian-gcc | 0.1.1 | 0.54 | 1.45 | 1.99 | ERROR | |
r-devel-linux-x86_64-fedora-clang | 0.1.1 | 78.43 | OK | |||
r-devel-linux-x86_64-fedora-gcc | 0.1.1 | 131.10 | OK | |||
r-devel-macos-arm64 | 0.1.1 | 38.00 | OK | |||
r-devel-macos-x86_64 | 0.1.1 | 88.00 | OK | |||
r-devel-windows-x86_64 | 0.1.1 | 8.00 | 67.00 | 75.00 | OK | |
r-patched-linux-x86_64 | 0.1.1 | 4.86 | 41.76 | 46.62 | OK | |
r-release-linux-x86_64 | 0.1.1 | 4.95 | 42.30 | 47.25 | OK | |
r-release-macos-arm64 | 0.1.1 | 40.00 | OK | |||
r-release-macos-x86_64 | 0.1.1 | 61.00 | OK | |||
r-release-windows-x86_64 | 0.1.1 | 7.00 | 73.00 | 80.00 | OK | |
r-oldrel-macos-arm64 | 0.1.1 | 38.00 | OK | |||
r-oldrel-macos-x86_64 | 0.1.1 | 88.00 | OK | |||
r-oldrel-windows-x86_64 | 0.1.1 | 9.00 | 74.00 | 83.00 | OK |
Version: 0.1.1
Check: package dependencies
Result: ERROR
Package required but not available: ‘ontologyPlot’
See section ‘The DESCRIPTION file’ in the ‘Writing R Extensions’
manual.
Flavor: r-devel-linux-x86_64-debian-gcc
These binaries (installable software) and packages are in development.
They may not be fully stable and should be used with caution. We make no claims about them.